Last updated on 2025-11-24 04:50:10 CET.
| Flavor | Version | Tinstall | Tcheck | Ttotal | Status | Flags |
|---|---|---|---|---|---|---|
| r-devel-linux-x86_64-debian-clang | 0.1.0 | 2.39 | 30.41 | 32.80 | NOTE | |
| r-devel-linux-x86_64-debian-gcc | 0.1.0 | 1.62 | 24.63 | 26.25 | NOTE | |
| r-devel-linux-x86_64-fedora-clang | 0.1.0 | 13.00 | 42.30 | 55.30 | OK | |
| r-devel-windows-x86_64 | 0.1.0 | 4.00 | 49.00 | 53.00 | OK | |
| r-patched-linux-x86_64 | 0.1.0 | 2.51 | 28.89 | 31.40 | OK | |
| r-release-linux-x86_64 | 0.1.0 | 2.73 | 28.94 | 31.67 | OK | |
| r-release-macos-arm64 | 0.1.0 | OK | ||||
| r-release-macos-x86_64 | 0.1.0 | 3.00 | 48.00 | 51.00 | OK | |
| r-release-windows-x86_64 | 0.1.0 | 4.00 | 66.00 | 70.00 | OK | |
| r-oldrel-macos-arm64 | 0.1.0 | OK | ||||
| r-oldrel-macos-x86_64 | 0.1.0 | 2.00 | 35.00 | 37.00 | OK | |
| r-oldrel-windows-x86_64 | 0.1.0 | 4.00 | 56.00 | 60.00 | OK |
Version: 0.1.0
Check: CRAN incoming feasibility
Result: NOTE
Maintainer: ‘Nobin Chandra Paul<nobin.niasm@outlook.com>’
No Authors@R field in DESCRIPTION.
Please add one, modifying
Authors@R: c(person(given = c("Nobin", "Chandra"),
family = "Paul",
role = c("aut", "cre"),
email = "nobin.niasm@outlook.com"),
person(given = "Anil",
family = "Rai",
role = "aut"),
person(given = "Ankur",
family = "Biswas",
role = "aut"),
person(given = "Tauqueer",
family = "Ahmad",
role = "aut"),
person(given = c("Prachi", "Misra"),
family = "Sahoo",
role = "aut"))
as necessary.
Flavors: r-devel-linux-x86_64-debian-clang, r-devel-linux-x86_64-debian-gcc