Last updated on 2025-05-22 05:51:17 CEST.
Flavor | Version | Tinstall | Tcheck | Ttotal | Status | Flags |
---|---|---|---|---|---|---|
r-devel-linux-x86_64-debian-clang | 0.2.2 | 8.93 | 82.25 | 91.18 | OK | |
r-devel-linux-x86_64-debian-gcc | 0.2.2 | 6.19 | 56.21 | 62.40 | OK | |
r-devel-linux-x86_64-fedora-clang | 0.2.3 | 137.01 | OK | |||
r-devel-linux-x86_64-fedora-gcc | 0.2.3 | 145.23 | OK | |||
r-devel-windows-x86_64 | 0.2.3 | 19.00 | 114.00 | 133.00 | OK | |
r-patched-linux-x86_64 | 0.2.2 | 10.04 | 73.11 | 83.15 | OK | |
r-release-linux-x86_64 | 0.2.2 | 7.30 | 73.02 | 80.32 | OK | |
r-release-macos-arm64 | 0.2.3 | 58.00 | OK | |||
r-release-macos-x86_64 | 0.2.3 | 62.00 | WARN | |||
r-release-windows-x86_64 | 0.2.2 | 13.00 | 148.00 | 161.00 | OK | |
r-oldrel-macos-arm64 | 0.2.3 | 66.00 | OK | |||
r-oldrel-macos-x86_64 | 0.2.3 | 68.00 | OK | |||
r-oldrel-windows-x86_64 | 0.2.2 | 16.00 | 114.00 | 130.00 | OK |
Version: 0.2.3
Check: package subdirectories
Result: WARN
Warning message:
In file(con, "w") :
cannot open file '/var/folders/2b/t0kwbtmn3p7brv2mvx39c9cr0000gn/T//RtmpQiDWY6/filef53538ca3f31': No space left on device
Please remove or rename the files.
See section ‘Package subdirectories’ in the ‘Writing R Extensions’
manual.
Flavor: r-release-macos-x86_64