Last updated on 2025-10-30 04:50:35 CET.
| Flavor | Version | Tinstall | Tcheck | Ttotal | Status | Flags | 
|---|---|---|---|---|---|---|
| r-devel-linux-x86_64-debian-clang | 1.0-2 | 3.60 | 23.94 | 27.54 | NOTE | |
| r-devel-linux-x86_64-debian-gcc | 1.0-2 | 3.33 | 19.12 | 22.45 | NOTE | |
| r-devel-linux-x86_64-fedora-clang | 1.0-2 | 41.28 | OK | |||
| r-devel-linux-x86_64-fedora-gcc | 1.0-2 | 11.00 | 30.36 | 41.36 | OK | |
| r-devel-windows-x86_64 | 1.0-2 | 5.00 | 45.00 | 50.00 | OK | |
| r-patched-linux-x86_64 | 1.0-2 | 3.42 | 22.51 | 25.93 | OK | |
| r-release-linux-x86_64 | 1.0-2 | 3.36 | 22.72 | 26.08 | OK | |
| r-release-macos-arm64 | 1.0-2 | 6.00 | 14.00 | 20.00 | OK | |
| r-release-macos-x86_64 | 1.0-2 | 11.00 | 22.00 | 33.00 | OK | |
| r-release-windows-x86_64 | 1.0-2 | 5.00 | 46.00 | 51.00 | OK | |
| r-oldrel-macos-arm64 | 1.0-2 | 6.00 | 14.00 | 20.00 | OK | |
| r-oldrel-macos-x86_64 | 1.0-2 | 7.00 | 20.00 | 27.00 | OK | |
| r-oldrel-windows-x86_64 | 1.0-2 | 5.00 | 45.00 | 50.00 | OK | 
Version: 1.0-2
Check: CRAN incoming feasibility
Result: NOTE
  Maintainer: ‘Michael Grabchak <mgrabcha@uncc.edu>’
  
  No Authors@R field in DESCRIPTION.
  Please add one, modifying
    Authors@R: c(person(given = "Michael",
                        family = "Grabchak",
                        role = c("aut", "cre"),
                        email = "mgrabcha@uncc.edu"),
                 person(given = "Lijuan",
                        family = "Cao",
                        role = "aut",
                        email = "lcao2@uncc.edu"))
  as necessary.
Flavors: r-devel-linux-x86_64-debian-clang, r-devel-linux-x86_64-debian-gcc