CRAN Package Check Results for Package SymbolicDeterminants

Last updated on 2025-07-05 05:50:41 CEST.

Flavor Version Tinstall Tcheck Ttotal Status Flags
r-devel-linux-x86_64-debian-clang 2.0.0 2.72 29.58 32.30 OK
r-devel-linux-x86_64-debian-gcc 2.0.0 2.09 23.51 25.60 OK
r-devel-linux-x86_64-fedora-clang 2.0.0 51.66 OK
r-devel-linux-x86_64-fedora-gcc 2.0.0 60.57 OK
r-devel-windows-x86_64 2.0.0 4.00 48.00 52.00 OK
r-patched-linux-x86_64 2.0.0 3.14 27.11 30.25 OK
r-release-linux-x86_64 2.0.0 3.05 26.92 29.97 OK
r-release-macos-arm64 2.0.0 25.00 OK
r-release-macos-x86_64 2.0.0 41.00 OK
r-release-windows-x86_64 2.0.0 4.00 48.00 52.00 OK
r-oldrel-macos-arm64 2.0.0 22.00 NOTE
r-oldrel-macos-x86_64 2.0.0 33.00 NOTE
r-oldrel-windows-x86_64 2.0.0 6.00 57.00 63.00 NOTE

Check Details

Version: 2.0.0
Check: LazyData
Result: NOTE 'LazyData' is specified without a 'data' directory Flavors: r-oldrel-macos-arm64, r-oldrel-macos-x86_64, r-oldrel-windows-x86_64