Last updated on 2025-10-30 04:50:36 CET.
| Flavor | Version | Tinstall | Tcheck | Ttotal | Status | Flags | 
|---|---|---|---|---|---|---|
| r-devel-linux-x86_64-debian-clang | 1.1.0 | 10.17 | 161.35 | 171.52 | NOTE | |
| r-devel-linux-x86_64-debian-gcc | 1.1.0 | 7.47 | 113.15 | 120.62 | NOTE | |
| r-devel-linux-x86_64-fedora-clang | 1.1.0 | 21.00 | 235.69 | 256.69 | OK | |
| r-devel-linux-x86_64-fedora-gcc | 1.1.0 | 22.00 | 252.48 | 274.48 | OK | |
| r-devel-windows-x86_64 | 1.1.0 | 12.00 | 294.00 | 306.00 | OK | |
| r-patched-linux-x86_64 | 1.1.0 | 9.97 | 150.02 | 159.99 | OK | |
| r-release-linux-x86_64 | 1.1.0 | 9.71 | 153.20 | 162.91 | OK | |
| r-release-macos-arm64 | 1.1.0 | 4.00 | 64.00 | 68.00 | OK | |
| r-release-macos-x86_64 | 1.1.0 | 9.00 | 126.00 | 135.00 | OK | |
| r-release-windows-x86_64 | 1.1.0 | 12.00 | 192.00 | 204.00 | OK | |
| r-oldrel-macos-arm64 | 1.1.0 | 4.00 | 64.00 | 68.00 | NOTE | |
| r-oldrel-macos-x86_64 | 1.1.0 | 7.00 | 103.00 | 110.00 | NOTE | |
| r-oldrel-windows-x86_64 | 1.1.0 | 16.00 | 198.00 | 214.00 | NOTE | 
Version: 1.1.0
Check: CRAN incoming feasibility
Result: NOTE
  Maintainer: ‘Carlos P. Carmona <perezcarmonacarlos@gmail.com>’
  
  No Authors@R field in DESCRIPTION.
  Please add one, modifying
    Authors@R: person(given = c("Carlos", "P."),
                      family = "Carmona",
                      role = c("aut", "cre"),
                      email = "perezcarmonacarlos@gmail.com")
  as necessary.
Flavors: r-devel-linux-x86_64-debian-clang, r-devel-linux-x86_64-debian-gcc
Version: 1.1.0
Check: LazyData
Result: NOTE
    'LazyData' is specified without a 'data' directory
Flavors: r-oldrel-macos-arm64, r-oldrel-macos-x86_64, r-oldrel-windows-x86_64