Last updated on 2025-05-06 05:51:01 CEST.
Flavor | Version | Tinstall | Tcheck | Ttotal | Status | Flags |
---|---|---|---|---|---|---|
r-devel-linux-x86_64-debian-clang | 0.1-6 | 3.00 | 22.84 | 25.84 | NOTE | |
r-devel-linux-x86_64-debian-gcc | 0.1-6 | 2.32 | 19.46 | 21.78 | NOTE | |
r-devel-linux-x86_64-fedora-clang | 0.1-6 | 41.76 | OK | |||
r-devel-linux-x86_64-fedora-gcc | 0.1-6 | 40.79 | OK | |||
r-devel-windows-x86_64 | 0.1-6 | 6.00 | 56.00 | 62.00 | OK | |
r-patched-linux-x86_64 | 0.1-6 | 2.43 | 22.45 | 24.88 | OK | |
r-release-linux-x86_64 | 0.1-6 | 2.64 | 22.41 | 25.05 | OK | |
r-release-macos-arm64 | 0.1-6 | 20.00 | OK | |||
r-release-macos-x86_64 | 0.1-6 | 34.00 | OK | |||
r-release-windows-x86_64 | 0.1-6 | 7.00 | 45.00 | 52.00 | OK | |
r-oldrel-macos-arm64 | 0.1-6 | 24.00 | OK | |||
r-oldrel-macos-x86_64 | 0.1-6 | 29.00 | OK | |||
r-oldrel-windows-x86_64 | 0.1-6 | 5.00 | 100.00 | 105.00 | OK |
Version: 0.1-6
Check: CRAN incoming feasibility
Result: NOTE
Maintainer: ‘Charles J. Geyer <charlie@stat.umn.edu>’
No Authors@R field in DESCRIPTION.
Please add one, modifying
Authors@R: c(person(given = "Jun",
family = "Sheng",
role = "aut"),
person(given = "Peihua",
family = "Qiu",
role = "aut",
email = "pqiu@ufl.edu"),
person(given = c("Charles", "J."),
family = "Geyer",
role = c("aut", "cre"),
email = "charlie@stat.umn.edu"))
as necessary.
Flavors: r-devel-linux-x86_64-debian-clang, r-devel-linux-x86_64-debian-gcc