CRAN Package Check Results for Package TTR.PGM

Last updated on 2025-04-30 05:49:58 CEST.

Flavor Version Tinstall Tcheck Ttotal Status Flags
r-devel-linux-x86_64-debian-clang 1.0.0 43.85 34.13 77.98 OK
r-devel-linux-x86_64-debian-gcc 1.0.0 31.62 26.00 57.62 OK
r-devel-linux-x86_64-fedora-clang 1.0.0 149.70 OK
r-devel-linux-x86_64-fedora-gcc 1.0.0 139.52 OK
r-devel-windows-x86_64 1.0.0 55.00 76.00 131.00 OK
r-patched-linux-x86_64 1.0.0 47.16 32.62 79.78 OK
r-release-linux-x86_64 1.0.0 44.67 32.97 77.64 OK
r-release-macos-arm64 1.0.0 15.00 ERROR
r-release-macos-x86_64 1.0.0 15.00 ERROR
r-release-windows-x86_64 1.0.0 56.00 76.00 132.00 OK
r-oldrel-macos-arm64 1.0.0 19.00 ERROR
r-oldrel-macos-x86_64 1.0.0 21.00 ERROR
r-oldrel-windows-x86_64 1.0.0 62.00 89.00 151.00 OK

Check Details

Version: 1.0.0
Check: whether package can be installed
Result: ERROR Installation failed. Flavors: r-release-macos-arm64, r-release-macos-x86_64, r-oldrel-macos-arm64, r-oldrel-macos-x86_64