Last updated on 2024-06-18 05:57:49 CEST.
Flavor | Version | Tinstall | Tcheck | Ttotal | Status | Flags |
---|---|---|---|---|---|---|
r-devel-linux-x86_64-debian-clang | 0.1.2 | 12.09 | 86.89 | 98.98 | OK | |
r-devel-linux-x86_64-debian-gcc | 0.1.2 | 8.61 | 64.87 | 73.48 | OK | |
r-devel-linux-x86_64-fedora-clang | 0.1.2 | 121.38 | NOTE | |||
r-devel-linux-x86_64-fedora-gcc | 0.1.2 | 111.40 | OK | |||
r-devel-windows-x86_64 | 0.1.2 | 9.00 | 83.00 | 92.00 | OK | |
r-patched-linux-x86_64 | 0.1.2 | 10.47 | 81.10 | 91.57 | OK | |
r-release-linux-x86_64 | 0.1.2 | 10.80 | 83.00 | 93.80 | OK | |
r-release-macos-arm64 | 0.1.2 | 36.00 | OK | |||
r-release-macos-x86_64 | 0.1.2 | 64.00 | OK | |||
r-release-windows-x86_64 | 0.1.2 | 9.00 | 83.00 | 92.00 | OK | |
r-oldrel-macos-arm64 | 0.1.1 | 27.00 | OK | |||
r-oldrel-macos-x86_64 | 0.1.1 | 49.00 | OK | |||
r-oldrel-windows-x86_64 | 0.1.1 | 6.00 | 61.00 | 67.00 | OK |
Version: 0.1.2
Check: Rd cross-references
Result: NOTE
Undeclared package ‘units’ in Rd xrefs
Flavor: r-devel-linux-x86_64-fedora-clang