Last updated on 2025-05-15 05:50:39 CEST.
Flavor | Version | Tinstall | Tcheck | Ttotal | Status | Flags |
---|---|---|---|---|---|---|
r-devel-linux-x86_64-debian-clang | 1.0 | 11.97 | 95.98 | 107.95 | NOTE | |
r-devel-linux-x86_64-debian-gcc | 1.0 | 7.92 | 64.43 | 72.35 | NOTE | |
r-devel-linux-x86_64-fedora-clang | 1.0 | 166.95 | OK | |||
r-devel-linux-x86_64-fedora-gcc | 1.0 | 158.15 | OK | |||
r-devel-windows-x86_64 | 1.0 | 12.00 | 101.00 | 113.00 | NOTE | |
r-patched-linux-x86_64 | 1.0 | 9.29 | 89.71 | 99.00 | NOTE | |
r-release-linux-x86_64 | 1.0 | 9.91 | 89.48 | 99.39 | NOTE | |
r-release-macos-arm64 | 1.0 | 43.00 | OK | |||
r-release-macos-x86_64 | 1.0 | 84.00 | OK | |||
r-release-windows-x86_64 | 1.0 | 11.00 | 103.00 | 114.00 | NOTE | |
r-oldrel-macos-arm64 | 1.0 | 42.00 | OK | |||
r-oldrel-macos-x86_64 | 1.0 | 65.00 | OK | |||
r-oldrel-windows-x86_64 | 1.0 | 16.00 | 133.00 | 149.00 | OK |
Version: 1.0
Check: CRAN incoming feasibility
Result: NOTE
Maintainer: ‘Phil J Watson <philwatson.slr@gmail.com>’
No Authors@R field in DESCRIPTION.
Please add one, modifying
Authors@R: person(given = c("Phil", "J"),
family = "Watson",
role = c("aut", "cre"),
email = "philwatson.slr@gmail.com")
as necessary.
Flavors: r-devel-linux-x86_64-debian-clang, r-devel-linux-x86_64-debian-gcc
Version: 1.0
Check: Rd cross-references
Result: NOTE
Found the following Rd file(s) with Rd \link{} targets missing package
anchors:
check.decomp.Rd: Rssa
Please provide package anchors for all Rd \link{} targets not in the
package itself and the base packages.
Flavors: r-devel-linux-x86_64-debian-clang, r-devel-linux-x86_64-debian-gcc, r-devel-windows-x86_64, r-patched-linux-x86_64, r-release-linux-x86_64, r-release-windows-x86_64