Last updated on 2025-11-24 04:50:12 CET.
| Flavor | Version | Tinstall | Tcheck | Ttotal | Status | Flags |
|---|---|---|---|---|---|---|
| r-devel-linux-x86_64-debian-clang | 1.0.3 | 157.50 | 188.93 | 346.43 | OK | |
| r-devel-linux-x86_64-debian-gcc | 1.0.3 | 145.67 | 150.20 | 295.87 | OK | |
| r-devel-linux-x86_64-fedora-clang | 1.0.3 | 287.00 | 257.62 | 544.62 | OK | |
| r-devel-windows-x86_64 | 1.0.3 | 188.00 | 211.00 | 399.00 | OK | |
| r-patched-linux-x86_64 | 1.0.3 | 187.07 | 195.10 | 382.17 | OK | |
| r-release-linux-x86_64 | 1.0.3 | 192.15 | 198.28 | 390.43 | OK | |
| r-release-macos-arm64 | 1.0.3 | OK | ||||
| r-release-macos-x86_64 | 1.0.3 | 162.00 | 166.00 | 328.00 | OK | |
| r-release-windows-x86_64 | 1.0.3 | 172.00 | 210.00 | 382.00 | OK | |
| r-oldrel-macos-arm64 | 1.0.3 | NOTE | ||||
| r-oldrel-macos-x86_64 | 1.0.3 | 145.00 | 164.00 | 309.00 | NOTE | |
| r-oldrel-windows-x86_64 | 1.0.3 | 202.00 | 283.00 | 485.00 | NOTE |
Version: 1.0.3
Check: installed package size
Result: NOTE
installed size is 52.9Mb
sub-directories of 1Mb or more:
libs 52.4Mb
Flavors: r-oldrel-macos-arm64, r-oldrel-macos-x86_64
Version: 1.0.3
Check: for GNU extensions in Makefiles
Result: NOTE
GNU make is a SystemRequirements.
Flavors: r-oldrel-macos-arm64, r-oldrel-macos-x86_64, r-oldrel-windows-x86_64