Last updated on 2025-10-27 04:50:23 CET.
| Flavor | Version | Tinstall | Tcheck | Ttotal | Status | Flags |
|---|---|---|---|---|---|---|
| r-devel-linux-x86_64-debian-clang | 1.1-13 | 104.03 | 577.03 | 681.06 | OK | |
| r-devel-linux-x86_64-debian-gcc | 1.1-13 | 65.50 | 354.85 | 420.35 | OK | |
| r-devel-linux-x86_64-fedora-clang | 1.1-13 | 225.00 | 818.87 | 1043.87 | OK | |
| r-devel-linux-x86_64-fedora-gcc | 1.1-13 | 214.00 | 787.91 | 1001.91 | OK | |
| r-devel-windows-x86_64 | 1.1-13 | 103.00 | 602.00 | 705.00 | OK | |
| r-patched-linux-x86_64 | 1.1-13 | 116.58 | 552.05 | 668.63 | OK | |
| r-release-linux-x86_64 | 1.1-13 | 93.94 | 546.16 | 640.10 | OK | |
| r-release-macos-arm64 | 1.1-13 | 40.00 | 151.00 | 191.00 | OK | |
| r-release-macos-x86_64 | 1.1-13 | 95.00 | 361.00 | 456.00 | OK | |
| r-release-windows-x86_64 | 1.1-13 | 116.00 | 622.00 | 738.00 | OK | |
| r-oldrel-macos-arm64 | 1.1-13 | 41.00 | 153.00 | 194.00 | NOTE | |
| r-oldrel-macos-x86_64 | 1.1-13 | 96.00 | 390.00 | 486.00 | NOTE | |
| r-oldrel-windows-x86_64 | 1.1-13 | 131.00 | 771.00 | 902.00 | NOTE |
Version: 1.1-13
Check: installed package size
Result: NOTE
installed size is 10.3Mb
sub-directories of 1Mb or more:
R 5.1Mb
help 4.0Mb
Flavors: r-oldrel-macos-arm64, r-oldrel-macos-x86_64, r-oldrel-windows-x86_64