Last updated on 2025-05-21 05:51:44 CEST.
Flavor | Version | Tinstall | Tcheck | Ttotal | Status | Flags |
---|---|---|---|---|---|---|
r-devel-linux-x86_64-debian-clang | 1.0 | 146.39 | 81.55 | 227.94 | WARN | |
r-devel-linux-x86_64-debian-gcc | 1.2 | 123.38 | 28.34 | 151.72 | OK | |
r-devel-linux-x86_64-fedora-clang | 1.2 | 265.25 | OK | |||
r-devel-linux-x86_64-fedora-gcc | 1.2 | 303.97 | OK | |||
r-devel-windows-x86_64 | 1.2 | 135.00 | 53.00 | 188.00 | OK | |
r-patched-linux-x86_64 | 1.0 | 143.93 | 77.82 | 221.75 | OK | |
r-release-linux-x86_64 | 1.0 | 139.48 | 81.01 | 220.49 | OK | |
r-release-macos-arm64 | 1.2 | 119.00 | OK | |||
r-release-macos-x86_64 | 1.2 | 246.00 | OK | |||
r-release-windows-x86_64 | 1.2 | 138.00 | 53.00 | 191.00 | OK | |
r-oldrel-macos-arm64 | 1.2 | 134.00 | NOTE | |||
r-oldrel-macos-x86_64 | 1.2 | 268.00 | NOTE | |||
r-oldrel-windows-x86_64 | 1.0 | 136.00 | 78.00 | 214.00 | NOTE |
Version: 1.0
Check: for code which exercises the package
Result: WARN
No examples, no tests, no vignettes
Flavor: r-devel-linux-x86_64-debian-clang
Version: 1.2
Check: installed package size
Result: NOTE
installed size is 15.6Mb
sub-directories of 1Mb or more:
data 15.6Mb
Flavors: r-oldrel-macos-arm64, r-oldrel-macos-x86_64
Version: 1.0
Check: installed package size
Result: NOTE
installed size is 13.6Mb
sub-directories of 1Mb or more:
R 13.6Mb
Flavor: r-oldrel-windows-x86_64