CRAN Package Check Results for Package adnuts

Last updated on 2025-07-20 05:48:16 CEST.

Flavor Version Tinstall Tcheck Ttotal Status Flags
r-devel-linux-x86_64-debian-clang 1.1.2 20.98 136.14 157.12 NOTE
r-devel-linux-x86_64-debian-gcc 1.1.2 17.86 101.08 118.94 NOTE
r-devel-linux-x86_64-fedora-clang 1.1.2 241.10 OK
r-devel-linux-x86_64-fedora-gcc 1.1.2 239.74 OK
r-devel-windows-x86_64 1.1.2 16.00 129.00 145.00 OK
r-patched-linux-x86_64 1.1.2 20.20 132.31 152.51 OK
r-release-linux-x86_64 1.1.2 20.83 132.14 152.97 OK
r-release-macos-arm64 1.1.2 60.00 OK
r-release-macos-x86_64 1.1.2 122.00 OK
r-release-windows-x86_64 1.1.2 17.00 128.00 145.00 OK
r-oldrel-macos-arm64 1.1.2 61.00 NOTE
r-oldrel-macos-x86_64 1.1.2 87.00 NOTE
r-oldrel-windows-x86_64 1.1.2 22.00 159.00 181.00 NOTE

Check Details

Version: 1.1.2
Check: CRAN incoming feasibility
Result: NOTE Maintainer: ‘Cole Monnahan <monnahc@uw.edu>’ Package CITATION file contains call(s) to old-style personList() or as.personList(). Please use c() on person objects instead. Package CITATION file contains call(s) to old-style citEntry(). Please use bibentry() instead. Flavors: r-devel-linux-x86_64-debian-clang, r-devel-linux-x86_64-debian-gcc

Version: 1.1.2
Check: LazyData
Result: NOTE 'LazyData' is specified without a 'data' directory Flavors: r-oldrel-macos-arm64, r-oldrel-macos-x86_64, r-oldrel-windows-x86_64