Last updated on 2025-04-30 05:49:33 CEST.
Flavor | Version | Tinstall | Tcheck | Ttotal | Status | Flags |
---|---|---|---|---|---|---|
r-devel-linux-x86_64-debian-clang | 1.2-1 | 1.37 | 32.48 | 33.85 | NOTE | |
r-devel-linux-x86_64-debian-gcc | 1.2-1 | 1.21 | 25.48 | 26.69 | NOTE | |
r-devel-linux-x86_64-fedora-clang | 1.2-1 | 52.21 | OK | |||
r-devel-linux-x86_64-fedora-gcc | 1.2-1 | 51.43 | OK | |||
r-devel-windows-x86_64 | 1.2-1 | 3.00 | 71.00 | 74.00 | OK | |
r-patched-linux-x86_64 | 1.2-1 | 2.28 | 30.83 | 33.11 | OK | |
r-release-linux-x86_64 | 1.2-1 | 1.44 | 30.66 | 32.10 | OK | |
r-release-macos-arm64 | 1.2-1 | 28.00 | OK | |||
r-release-macos-x86_64 | 1.2-1 | 39.00 | OK | |||
r-release-windows-x86_64 | 1.2-1 | 3.00 | 73.00 | 76.00 | OK | |
r-oldrel-macos-arm64 | 1.2-1 | 29.00 | OK | |||
r-oldrel-macos-x86_64 | 1.2-1 | 34.00 | OK | |||
r-oldrel-windows-x86_64 | 1.2-1 | 2.00 | 75.00 | 77.00 | OK |
Version: 1.2-1
Check: CRAN incoming feasibility
Result: NOTE
Maintainer: ‘David L. Carlson <dcarlson@tamu.edu>’
No Authors@R field in DESCRIPTION.
Please add one, modifying
Authors@R: c(person(given = c("David", "L."),
family = "Carlson",
role = c("aut", "cre"),
email = "dcarlson@tamu.edu"),
person(given = "Georg",
family = "Roth",
role = "ctb"))
as necessary.
Flavors: r-devel-linux-x86_64-debian-clang, r-devel-linux-x86_64-debian-gcc
Version: 1.2-1
Check: examples
Result: NOTE
Examples with CPU (user + system) or elapsed time > 5s
user system elapsed
Arnhofen 4.893 0.206 6.274
Flavor: r-devel-linux-x86_64-debian-clang
Version: 1.2-1
Check: examples
Result: NOTE
Examples with CPU (user + system) or elapsed time > 5s
user system elapsed
Arnhofen 3.862 0.193 5.348
Flavor: r-devel-linux-x86_64-debian-gcc