Last updated on 2024-06-17 05:48:52 CEST.
Flavor | Version | Tinstall | Tcheck | Ttotal | Status | Flags |
---|---|---|---|---|---|---|
r-devel-linux-x86_64-debian-clang | 1.7.1 | 10.97 | 91.78 | 102.75 | OK | |
r-devel-linux-x86_64-debian-gcc | 1.7.1 | 11.40 | 65.10 | 76.50 | OK | |
r-devel-linux-x86_64-fedora-clang | 1.7.1 | 127.80 | OK | |||
r-devel-linux-x86_64-fedora-gcc | 1.7.1 | 121.93 | OK | |||
r-devel-windows-x86_64 | 1.7.1 | 14.00 | 84.00 | 98.00 | OK | |
r-patched-linux-x86_64 | 1.7.1 | 15.39 | 84.74 | 100.13 | OK | |
r-release-linux-x86_64 | 1.7.1 | 13.26 | 86.54 | 99.80 | OK | |
r-release-macos-arm64 | 1.7.1 | 35.00 | OK | |||
r-release-macos-x86_64 | 1.7.1 | 76.00 | OK | |||
r-release-windows-x86_64 | 1.7.1 | 13.00 | 83.00 | 96.00 | OK | |
r-oldrel-macos-arm64 | 1.7.1 | 40.00 | NOTE | |||
r-oldrel-macos-x86_64 | 1.7.1 | 75.00 | NOTE | |||
r-oldrel-windows-x86_64 | 1.7.1 | 17.00 | 100.00 | 117.00 | OK |
Version: 1.7.1
Check: package dependencies
Result: NOTE
Package suggested but not available for checking: ‘GLAD’
Flavors: r-oldrel-macos-arm64, r-oldrel-macos-x86_64