Last updated on 2025-10-31 04:50:41 CET.
| Flavor | Version | Tinstall | Tcheck | Ttotal | Status | Flags | 
|---|---|---|---|---|---|---|
| r-devel-linux-x86_64-debian-clang | 1.0.12 | 7.35 | 70.43 | 77.78 | OK | |
| r-devel-linux-x86_64-debian-gcc | 1.0.12 | 5.93 | 53.60 | 59.53 | OK | |
| r-devel-linux-x86_64-fedora-clang | 1.0.12 | 34.00 | 91.02 | 125.02 | OK | |
| r-devel-linux-x86_64-fedora-gcc | 1.0.12 | 15.00 | 97.01 | 112.01 | OK | |
| r-devel-windows-x86_64 | 1.0.12 | 10.00 | 137.00 | 147.00 | OK | |
| r-patched-linux-x86_64 | 1.0.12 | 6.79 | 66.59 | 73.38 | OK | |
| r-release-linux-x86_64 | 1.0.12 | 7.38 | 65.98 | 73.36 | OK | |
| r-release-macos-arm64 | 1.0.12 | 4.00 | 41.00 | 45.00 | OK | |
| r-release-macos-x86_64 | 1.0.12 | 6.00 | 54.00 | 60.00 | OK | |
| r-release-windows-x86_64 | 1.0.12 | 10.00 | 442.00 | 452.00 | OK | |
| r-oldrel-macos-arm64 | 1.0.12 | 3.00 | 29.00 | 32.00 | NOTE | |
| r-oldrel-macos-x86_64 | 1.0.12 | 5.00 | 46.00 | 51.00 | NOTE | |
| r-oldrel-windows-x86_64 | 1.0.12 | 13.00 | 131.00 | 144.00 | NOTE | 
Version: 1.0.12
Check: LazyData
Result: NOTE
    'LazyData' is specified without a 'data' directory
Flavors: r-oldrel-macos-arm64, r-oldrel-macos-x86_64, r-oldrel-windows-x86_64