Last updated on 2025-04-30 05:49:33 CEST.
Flavor | Version | Tinstall | Tcheck | Ttotal | Status | Flags |
---|---|---|---|---|---|---|
r-devel-linux-x86_64-debian-gcc | 1.0.3 | 25.28 | 78.44 | 103.72 | OK | |
r-devel-linux-x86_64-fedora-clang | 1.0.3 | 272.94 | OK | |||
r-devel-linux-x86_64-fedora-gcc | 1.0.3 | 251.81 | OK | |||
r-devel-windows-x86_64 | 1.0.3 | 37.00 | 148.00 | 185.00 | OK | |
r-release-macos-arm64 | 1.0.3 | 61.00 | OK | |||
r-release-macos-x86_64 | 1.0.3 | 120.00 | OK | |||
r-release-windows-x86_64 | 1.0.3 | 39.00 | 149.00 | 188.00 | OK | |
r-oldrel-macos-arm64 | 1.0.3 | 68.00 | NOTE | |||
r-oldrel-macos-x86_64 | 1.0.3 | 140.00 | NOTE |
Version: 1.0.3
Check: DESCRIPTION meta-information
Result: NOTE
Package listed in more than one of Depends, Imports, Suggests, Enhances:
‘data.table’
A package should be listed in only one of these fields.
Flavors: r-oldrel-macos-arm64, r-oldrel-macos-x86_64