Last updated on 2025-05-22 05:50:56 CEST.
Flavor | Version | Tinstall | Tcheck | Ttotal | Status | Flags |
---|---|---|---|---|---|---|
r-devel-linux-x86_64-debian-clang | 0.4.7 | 5.33 | 156.06 | 161.39 | OK | |
r-devel-linux-x86_64-debian-gcc | 0.5.0 | 3.86 | 79.42 | 83.28 | OK | |
r-devel-linux-x86_64-fedora-clang | 0.5.0 | 215.51 | ERROR | |||
r-devel-linux-x86_64-fedora-gcc | 0.5.0 | 221.51 | OK | |||
r-devel-windows-x86_64 | 0.5.0 | 12.00 | 149.00 | 161.00 | OK | |
r-patched-linux-x86_64 | 0.4.7 | 5.23 | 137.79 | 143.02 | OK | |
r-release-linux-x86_64 | 0.4.7 | 5.14 | 139.16 | 144.30 | OK | |
r-release-macos-arm64 | 0.5.0 | 395.00 | OK | |||
r-release-macos-x86_64 | 0.5.0 | 130.00 | OK | |||
r-release-windows-x86_64 | 0.4.7 | 7.00 | 165.00 | 172.00 | OK | |
r-oldrel-macos-arm64 | 0.5.0 | 397.00 | OK | |||
r-oldrel-macos-x86_64 | 0.5.0 | 131.00 | OK | |||
r-oldrel-windows-x86_64 | 0.4.7 | 9.00 | 202.00 | 211.00 | OK |
Version: 0.5.0
Check: PDF version of manual
Result: WARN
LaTeX errors when creating PDF version.
This typically indicates Rd problems.
Flavor: r-devel-linux-x86_64-fedora-clang
Version: 0.5.0
Check: PDF version of manual without index
Result: ERROR
Re-running with no redirection of stdout/stderr.
Flavor: r-devel-linux-x86_64-fedora-clang
Version: 0.5.0
Check: for non-standard things in the check directory
Result: NOTE
Found the following files/directories:
‘bayesSSM-manual.tex’
Flavor: r-devel-linux-x86_64-fedora-clang