Last updated on 2025-07-27 05:48:26 CEST.
Flavor | Version | Tinstall | Tcheck | Ttotal | Status | Flags |
---|---|---|---|---|---|---|
r-devel-linux-x86_64-debian-clang | 0.37.3 | 8.54 | 70.80 | 79.34 | NOTE | |
r-devel-linux-x86_64-debian-gcc | 0.37.3 | 5.48 | 51.58 | 57.06 | NOTE | |
r-devel-linux-x86_64-fedora-clang | 0.37.3 | 123.27 | OK | |||
r-devel-linux-x86_64-fedora-gcc | 0.37.3 | 118.80 | OK | |||
r-devel-windows-x86_64 | 0.37.3 | 9.00 | 89.00 | 98.00 | OK | |
r-patched-linux-x86_64 | 0.37.3 | 9.32 | 66.94 | 76.26 | OK | |
r-release-linux-x86_64 | 0.37.3 | 8.16 | 66.91 | 75.07 | OK | |
r-release-macos-arm64 | 0.37.3 | 41.00 | OK | |||
r-release-macos-x86_64 | 0.37.3 | 81.00 | OK | |||
r-release-windows-x86_64 | 0.37.3 | 9.00 | 88.00 | 97.00 | OK | |
r-oldrel-macos-arm64 | 0.37.3 | 37.00 | OK | |||
r-oldrel-macos-x86_64 | 0.37.3 | 60.00 | OK | |||
r-oldrel-windows-x86_64 | 0.37.3 | 14.00 | 109.00 | 123.00 | OK |
Version: 0.37.3
Check: CRAN incoming feasibility
Result: NOTE
Maintainer: ‘Yuanhao Lai <ylai72@uwo.ca>’
No Authors@R field in DESCRIPTION.
Please add one, modifying
Authors@R: c(person(given = "A.I.",
family = "McLeod",
role = "aut"),
person(given = "Changjiang",
family = "Xu",
role = "aut"),
person(given = "Yuanhao",
family = "Lai",
role = c("aut", "cre"),
email = "ylai72@uwo.ca"))
as necessary.
Flavors: r-devel-linux-x86_64-debian-clang, r-devel-linux-x86_64-debian-gcc