Last updated on 2025-11-24 04:49:50 CET.
| Flavor | Version | Tinstall | Tcheck | Ttotal | Status | Flags |
|---|---|---|---|---|---|---|
| r-devel-linux-x86_64-debian-clang | 1.0.1 | 56.42 | 30.18 | 86.60 | NOTE | |
| r-devel-linux-x86_64-debian-gcc | 1.0.1 | 33.83 | 23.92 | 57.75 | NOTE | |
| r-devel-linux-x86_64-fedora-clang | 1.0.1 | 107.00 | 37.67 | 144.67 | OK | |
| r-devel-windows-x86_64 | 1.0.1 | 64.00 | 66.00 | 130.00 | OK | |
| r-patched-linux-x86_64 | 1.0.1 | 50.88 | 28.62 | 79.50 | OK | |
| r-release-linux-x86_64 | 1.0.1 | 53.83 | 28.17 | 82.00 | OK | |
| r-release-macos-arm64 | 1.0.1 | OK | ||||
| r-release-macos-x86_64 | 1.0.1 | 26.00 | 30.00 | 56.00 | OK | |
| r-release-windows-x86_64 | 1.0.1 | 59.00 | 73.00 | 132.00 | OK | |
| r-oldrel-macos-arm64 | 1.0.1 | OK | ||||
| r-oldrel-macos-x86_64 | 1.0.1 | 27.00 | 26.00 | 53.00 | OK | |
| r-oldrel-windows-x86_64 | 1.0.1 | 70.00 | 78.00 | 148.00 | OK |
Version: 1.0.1
Check: CRAN incoming feasibility
Result: NOTE
Maintainer: ‘Haiming Zhou <haiming2019@gmail.com>’
Package CITATION file contains call(s) to old-style personList() or
as.personList(). Please use c() on person objects instead.
Package CITATION file contains call(s) to old-style citEntry(). Please
use bibentry() instead.
Flavors: r-devel-linux-x86_64-debian-clang, r-devel-linux-x86_64-debian-gcc