Last updated on 2025-11-27 04:49:45 CET.
| Flavor | Version | Tinstall | Tcheck | Ttotal | Status | Flags |
|---|---|---|---|---|---|---|
| r-devel-linux-x86_64-debian-clang | 1.19 | 13.97 | 105.75 | 119.72 | OK | |
| r-devel-linux-x86_64-debian-gcc | 1.19 | 10.02 | 73.53 | 83.55 | OK | |
| r-devel-linux-x86_64-fedora-clang | 1.19 | 31.00 | 157.47 | 188.47 | OK | |
| r-devel-linux-x86_64-fedora-gcc | 1.19 | 37.00 | 136.88 | 173.88 | OK | |
| r-devel-windows-x86_64 | 1.19 | 18.00 | 102.00 | 120.00 | OK | |
| r-patched-linux-x86_64 | 1.19 | 14.10 | 98.35 | 112.45 | OK | |
| r-release-linux-x86_64 | 1.19 | 14.24 | 96.57 | 110.81 | OK | |
| r-release-macos-arm64 | 1.19 | OK | ||||
| r-release-macos-x86_64 | 1.19 | 13.00 | 72.00 | 85.00 | OK | |
| r-release-windows-x86_64 | 1.19 | 15.00 | 101.00 | 116.00 | OK | |
| r-oldrel-macos-arm64 | 1.19 | NOTE | ||||
| r-oldrel-macos-x86_64 | 1.19 | 20.00 | 79.00 | 99.00 | NOTE | |
| r-oldrel-windows-x86_64 | 1.19 | 22.00 | 135.00 | 157.00 | NOTE |
Version: 1.19
Check: package dependencies
Result: NOTE
Depends: includes the non-default packages:
'coda', 'ggplot2', 'gridExtra', 'lpl', 'MASS', 'survival'
Adding so many packages to the search path is excessive and importing
selectively is preferable.
Flavors: r-oldrel-macos-arm64, r-oldrel-macos-x86_64, r-oldrel-windows-x86_64