Last updated on 2025-04-29 05:49:59 CEST.
Flavor | Version | Tinstall | Tcheck | Ttotal | Status | Flags |
---|---|---|---|---|---|---|
r-devel-linux-x86_64-debian-clang | 1.6.1 | 142.73 | 201.85 | 344.58 | OK | |
r-devel-linux-x86_64-debian-gcc | 1.6.1 | 102.06 | 143.44 | 245.50 | OK | |
r-devel-linux-x86_64-fedora-clang | 1.6.1 | 604.66 | OK | |||
r-devel-linux-x86_64-fedora-gcc | 1.6.1 | 576.36 | OK | |||
r-devel-windows-x86_64 | 1.6.1 | 218.00 | 250.00 | 468.00 | OK | |
r-patched-linux-x86_64 | 1.6.1 | 142.77 | 203.43 | 346.20 | OK | |
r-release-linux-x86_64 | 1.6.1 | 143.21 | 203.55 | 346.76 | OK | |
r-release-macos-arm64 | 1.6.1 | 170.00 | OK | |||
r-release-macos-x86_64 | 1.6.1 | 299.00 | OK | |||
r-release-windows-x86_64 | 1.6.1 | 222.00 | 248.00 | 470.00 | OK | |
r-oldrel-macos-arm64 | 1.6.1 | 149.00 | NOTE | |||
r-oldrel-macos-x86_64 | 1.6.1 | 267.00 | NOTE | |||
r-oldrel-windows-x86_64 | 1.6.1 | 247.00 | 326.00 | 573.00 | OK |
Version: 1.6.1
Check: installed package size
Result: NOTE
installed size is 13.6Mb
sub-directories of 1Mb or more:
extdata 2.3Mb
libs 10.5Mb
Flavors: r-oldrel-macos-arm64, r-oldrel-macos-x86_64