CRAN Package Check Results for Package binovisualfields

Last updated on 2025-11-24 04:49:50 CET.

Flavor Version Tinstall Tcheck Ttotal Status Flags
r-devel-linux-x86_64-debian-clang 0.1.1 2.21 27.98 30.19 NOTE
r-devel-linux-x86_64-debian-gcc 0.1.1 1.50 22.04 23.54 NOTE
r-devel-linux-x86_64-fedora-clang 0.1.1 46.66 NOTE
r-devel-windows-x86_64 0.1.1 6.00 47.00 53.00 OK
r-patched-linux-x86_64 0.1.1 2.26 25.97 28.23 OK
r-release-linux-x86_64 0.1.1 1.95 25.88 27.83 OK
r-release-macos-arm64 0.1.1 OK
r-release-macos-x86_64 0.1.1 2.00 57.00 59.00 OK
r-release-windows-x86_64 0.1.1 4.00 47.00 51.00 OK
r-oldrel-macos-arm64 0.1.1 NOTE
r-oldrel-macos-x86_64 0.1.1 2.00 35.00 37.00 NOTE
r-oldrel-windows-x86_64 0.1.1 6.00 55.00 61.00 NOTE

Check Details

Version: 0.1.1
Check: CRAN incoming feasibility
Result: NOTE Maintainer: ‘Ping Liu <ping.liu@unimelb.edu.au>’ Package CITATION file contains call(s) to old-style personList() or as.personList(). Please use c() on person objects instead. Package CITATION file contains call(s) to old-style citEntry(). Please use bibentry() instead. Flavors: r-devel-linux-x86_64-debian-clang, r-devel-linux-x86_64-debian-gcc

Version: 0.1.1
Check: dependencies in R code
Result: NOTE Namespace in Imports field not imported from: ‘gtools’ All declared Imports should be used. Flavor: r-devel-linux-x86_64-fedora-clang

Version: 0.1.1
Check: LazyData
Result: NOTE 'LazyData' is specified without a 'data' directory Flavors: r-oldrel-macos-arm64, r-oldrel-macos-x86_64, r-oldrel-windows-x86_64