Last updated on 2025-07-17 05:49:43 CEST.
Flavor | Version | Tinstall | Tcheck | Ttotal | Status | Flags |
---|---|---|---|---|---|---|
r-devel-linux-x86_64-debian-clang | 0.1.0 | 10.17 | 127.99 | 138.16 | OK | |
r-devel-linux-x86_64-debian-gcc | 0.1.0 | 6.55 | 92.45 | 99.00 | OK | |
r-devel-linux-x86_64-fedora-clang | 0.1.0 | 215.80 | OK | |||
r-devel-linux-x86_64-fedora-gcc | 0.1.0 | 217.58 | OK | |||
r-devel-windows-x86_64 | 0.1.0 | 13.00 | 142.00 | 155.00 | OK | |
r-patched-linux-x86_64 | 0.1.0 | 10.11 | 119.32 | 129.43 | OK | |
r-release-linux-x86_64 | 0.1.0 | 10.80 | 119.61 | 130.41 | OK | |
r-release-macos-arm64 | 0.1.0 | 56.00 | OK | |||
r-release-macos-x86_64 | 0.1.0 | 103.00 | OK | |||
r-release-windows-x86_64 | 0.1.0 | 14.00 | 140.00 | 154.00 | OK | |
r-oldrel-macos-arm64 | 0.1.0 | 42.00 | NOTE | |||
r-oldrel-macos-x86_64 | 0.1.0 | 110.00 | NOTE | |||
r-oldrel-windows-x86_64 | 0.1.0 | 17.00 | 179.00 | 196.00 | NOTE |
Version: 0.1.0
Check: installed package size
Result: NOTE
installed size is 10.7Mb
sub-directories of 1Mb or more:
doc 9.9Mb
Flavors: r-oldrel-macos-arm64, r-oldrel-macos-x86_64, r-oldrel-windows-x86_64