Last updated on 2024-06-16 05:52:49 CEST.
Flavor | Version | Tinstall | Tcheck | Ttotal | Status | Flags |
---|---|---|---|---|---|---|
r-devel-linux-x86_64-debian-clang | 1.1.8-2 | 6.03 | 37.55 | 43.58 | NOTE | |
r-devel-linux-x86_64-debian-gcc | 1.1.8-2 | 3.39 | 28.32 | 31.71 | NOTE | |
r-devel-linux-x86_64-fedora-clang | 1.1.8-2 | 53.73 | NOTE | |||
r-devel-linux-x86_64-fedora-gcc | 1.1.8-2 | 51.17 | NOTE | |||
r-devel-windows-x86_64 | 1.1.8-2 | 5.00 | 55.00 | 60.00 | NOTE | |
r-patched-linux-x86_64 | 1.1.8-2 | 5.40 | 35.70 | 41.10 | NOTE | |
r-release-linux-x86_64 | 1.1.8-2 | 3.95 | 37.19 | 41.14 | NOTE | |
r-release-macos-arm64 | 1.1.8-2 | 19.00 | NOTE | |||
r-release-macos-x86_64 | 1.1.8-2 | 27.00 | NOTE | |||
r-release-windows-x86_64 | 1.1.8-2 | 6.00 | 56.00 | 62.00 | NOTE | |
r-oldrel-macos-arm64 | 1.1.8-2 | 20.00 | OK | |||
r-oldrel-macos-x86_64 | 1.1.8-2 | 29.00 | OK | |||
r-oldrel-windows-x86_64 | 1.1.8-2 | 6.00 | 62.00 | 68.00 | OK |
Version: 1.1.8-2
Check: Rd files
Result: NOTE
checkRd: (-1) boa.chain.collapse.Rd:20: Lost braces
20 | \seealso{ code{\link{boa.chain.reset}}, code{\link{boa.chain.subset}} }
| ^
checkRd: (-1) boa.chain.collapse.Rd:20: Lost braces
20 | \seealso{ code{\link{boa.chain.reset}}, code{\link{boa.chain.subset}} }
| ^
Flavors: r-devel-linux-x86_64-debian-clang, r-devel-linux-x86_64-debian-gcc, r-devel-linux-x86_64-fedora-clang, r-devel-linux-x86_64-fedora-gcc, r-devel-windows-x86_64, r-patched-linux-x86_64, r-release-linux-x86_64, r-release-macos-arm64, r-release-macos-x86_64, r-release-windows-x86_64