Last updated on 2024-06-18 05:57:33 CEST.
Flavor | Version | Tinstall | Tcheck | Ttotal | Status | Flags |
---|---|---|---|---|---|---|
r-devel-linux-x86_64-debian-clang | 1.0.9 | 122.33 | 80.99 | 203.32 | NOTE | |
r-devel-linux-x86_64-debian-gcc | 1.0.9 | 86.06 | 60.08 | 146.14 | NOTE | |
r-devel-linux-x86_64-fedora-clang | 1.0.9 | 276.87 | NOTE | |||
r-devel-linux-x86_64-fedora-gcc | 1.0.9 | 286.19 | NOTE | |||
r-devel-windows-x86_64 | 1.0.9 | 90.00 | 112.00 | 202.00 | NOTE | |
r-patched-linux-x86_64 | 1.0.9 | 77.12 | 80.25 | 157.37 | NOTE | |
r-release-linux-x86_64 | 1.0.9 | 77.51 | 79.52 | 157.03 | NOTE | |
r-release-macos-arm64 | 1.0.9 | 63.00 | NOTE | |||
r-release-macos-x86_64 | 1.0.9 | 90.00 | NOTE | |||
r-release-windows-x86_64 | 1.0.9 | 88.00 | 118.00 | 206.00 | NOTE | |
r-oldrel-macos-arm64 | 1.0.9 | 70.00 | NOTE | |||
r-oldrel-macos-x86_64 | 1.0.9 | 111.00 | NOTE | |||
r-oldrel-windows-x86_64 | 1.0.9 | 113.00 | 132.00 | 245.00 | NOTE |
Version: 1.0.9
Check: C++ specification
Result: NOTE
Specified C++11: please drop specification unless essential
Flavors: r-devel-linux-x86_64-debian-clang, r-devel-linux-x86_64-debian-gcc, r-devel-linux-x86_64-fedora-clang, r-devel-linux-x86_64-fedora-gcc, r-devel-windows-x86_64, r-patched-linux-x86_64, r-release-linux-x86_64, r-release-macos-arm64, r-release-macos-x86_64, r-release-windows-x86_64, r-oldrel-macos-arm64, r-oldrel-macos-x86_64, r-oldrel-windows-x86_64
Version: 1.0.9
Check: installed package size
Result: NOTE
installed size is 5.5Mb
sub-directories of 1Mb or more:
libs 5.3Mb
Flavors: r-release-macos-arm64, r-release-macos-x86_64, r-oldrel-macos-arm64, r-oldrel-macos-x86_64