Last updated on 2025-05-01 05:51:26 CEST.
Flavor | Version | Tinstall | Tcheck | Ttotal | Status | Flags |
---|---|---|---|---|---|---|
r-devel-linux-x86_64-debian-clang | 1.0.5 | 2.77 | 23.76 | 26.53 | NOTE | |
r-devel-linux-x86_64-debian-gcc | 1.0.5 | 2.03 | 18.29 | 20.32 | NOTE | |
r-devel-linux-x86_64-fedora-clang | 1.0.5 | 40.54 | OK | |||
r-devel-linux-x86_64-fedora-gcc | 1.0.5 | 39.55 | OK | |||
r-devel-windows-x86_64 | 1.0.5 | 4.00 | 51.00 | 55.00 | OK | |
r-patched-linux-x86_64 | 1.0.5 | 3.13 | 22.61 | 25.74 | OK | |
r-release-linux-x86_64 | 1.0.5 | 2.70 | 22.46 | 25.16 | OK | |
r-release-macos-arm64 | 1.0.5 | 17.00 | OK | |||
r-release-macos-x86_64 | 1.0.5 | 39.00 | OK | |||
r-release-windows-x86_64 | 1.0.5 | 4.00 | 55.00 | 59.00 | OK | |
r-oldrel-macos-arm64 | 1.0.5 | 17.00 | OK | |||
r-oldrel-macos-x86_64 | 1.0.5 | 28.00 | OK | |||
r-oldrel-windows-x86_64 | 1.0.5 | 3.00 | 51.00 | 54.00 | OK |
Version: 1.0.5
Check: CRAN incoming feasibility
Result: NOTE
Maintainer: ‘Timothy Conwell <timconwell@gmail.com>’
No Authors@R field in DESCRIPTION.
Please add one, modifying
Authors@R: person(given = "Timothy",
family = "Conwell",
role = c("aut", "cre"),
email = "timconwell@gmail.com")
as necessary.
Flavors: r-devel-linux-x86_64-debian-clang, r-devel-linux-x86_64-debian-gcc