Last updated on 2025-04-30 05:49:35 CEST.
Flavor | Version | Tinstall | Tcheck | Ttotal | Status | Flags |
---|---|---|---|---|---|---|
r-devel-linux-x86_64-debian-clang | 3.2 | 196.21 | 190.00 | 386.21 | NOTE | |
r-devel-linux-x86_64-debian-gcc | 3.2 | 137.74 | 159.22 | 296.96 | NOTE | |
r-devel-linux-x86_64-fedora-clang | 3.2 | 663.26 | NOTE | |||
r-devel-linux-x86_64-fedora-gcc | 3.2 | 694.44 | NOTE | |||
r-devel-windows-x86_64 | 3.2 | 214.00 | 281.00 | 495.00 | NOTE | |
r-patched-linux-x86_64 | 3.2 | 200.98 | 185.25 | 386.23 | NOTE | |
r-release-linux-x86_64 | 3.2 | 197.93 | 185.41 | 383.34 | NOTE | |
r-release-macos-arm64 | 3.2 | 267.00 | NOTE | |||
r-release-macos-x86_64 | 3.2 | 415.00 | NOTE | |||
r-release-windows-x86_64 | 3.2 | 214.00 | 283.00 | 497.00 | NOTE | |
r-oldrel-macos-arm64 | 3.2 | 241.00 | NOTE | |||
r-oldrel-macos-x86_64 | 3.2 | 329.00 | NOTE | |||
r-oldrel-windows-x86_64 | 3.2 | 241.00 | 317.00 | 558.00 | OK |
Version: 3.2
Check: DESCRIPTION meta-information
Result: NOTE
Missing dependency on R >= 4.1.0 because package code uses the pipe
|> or function shorthand \(...) syntax added in R 4.1.0.
File(s) using such syntax:
‘bsvars-package.Rd’ ‘compute_conditional_sd.PosteriorBSVAR.Rd’
‘compute_conditional_sd.PosteriorBSVARMIX.Rd’
‘compute_conditional_sd.PosteriorBSVARMSH.Rd’
‘compute_conditional_sd.PosteriorBSVARSV.Rd’
‘compute_conditional_sd.PosteriorBSVART.Rd’
‘compute_conditional_sd.Rd’ ‘compute_fitted_values.PosteriorBSVAR.Rd’
‘compute_fitted_values.PosteriorBSVARMIX.Rd’
‘compute_fitted_values.PosteriorBSVARMSH.Rd’
‘compute_fitted_values.PosteriorBSVARSV.Rd’
‘compute_fitted_values.PosteriorBSVART.Rd’ ‘compute_fitted_values.Rd’
‘compute_historical_decompositions.PosteriorBSVAR.Rd’
‘compute_historical_decompositions.PosteriorBSVARMIX.Rd’
‘compute_historical_decompositions.PosteriorBSVARMSH.Rd’
‘compute_historical_decompositions.PosteriorBSVARSV.Rd’
‘compute_historical_decompositions.PosteriorBSVART.Rd’
‘compute_historical_decompositions.Rd’
‘compute_impulse_responses.PosteriorBSVAR.Rd’
‘compute_impulse_responses.PosteriorBSVARMIX.Rd’
‘compute_impulse_responses.PosteriorBSVARMSH.Rd’
‘compute_impulse_responses.PosteriorBSVARSV.Rd’
‘compute_impulse_responses.PosteriorBSVART.Rd’
‘compute_impulse_responses.Rd’
‘compute_regime_probabilities.PosteriorBSVARMIX.Rd’
‘compute_regime_probabilities.PosteriorBSVARMSH.Rd’
‘compute_regime_probabilities.Rd’
‘compute_structural_shocks.PosteriorBSVAR.Rd’
‘compute_structural_shocks.PosteriorBSVARMIX.Rd’
‘compute_structural_shocks.PosteriorBSVARMSH.Rd’
‘compute_structural_shocks.PosteriorBSVARSV.Rd’
‘compute_structural_shocks.PosteriorBSVART.Rd’
‘compute_structural_shocks.Rd’
‘compute_variance_decompositions.PosteriorBSVAR.Rd’
‘compute_variance_decompositions.PosteriorBSVARMIX.Rd’
‘compute_variance_decompositions.PosteriorBSVARMSH.Rd’
‘compute_variance_decompositions.PosteriorBSVARSV.Rd’
‘compute_variance_decompositions.PosteriorBSVART.Rd’
‘compute_variance_decompositions.Rd’ ‘estimate.BSVAR.Rd’
‘estimate.BSVARMIX.Rd’ ‘estimate.BSVARMSH.Rd’ ‘estimate.BSVARSV.Rd’
‘estimate.BSVART.Rd’ ‘estimate.PosteriorBSVAR.Rd’
‘estimate.PosteriorBSVARMIX.Rd’ ‘estimate.PosteriorBSVARMSH.Rd’
‘estimate.PosteriorBSVARSV.Rd’ ‘estimate.PosteriorBSVART.Rd’
‘estimate.Rd’ ‘forecast.PosteriorBSVAR.Rd’
‘forecast.PosteriorBSVARMIX.Rd’ ‘forecast.PosteriorBSVARMSH.Rd’
‘forecast.PosteriorBSVARSV.Rd’ ‘forecast.PosteriorBSVART.Rd’
‘forecast.Rd’ ‘plot.Forecasts.Rd’ ‘plot.PosteriorFEVD.Rd’
‘plot.PosteriorFitted.Rd’ ‘plot.PosteriorHD.Rd’ ‘plot.PosteriorIR.Rd’
‘plot.PosteriorRegimePr.Rd’ ‘plot.PosteriorShocks.Rd’
‘plot.PosteriorSigma.Rd’ ‘summary.Forecasts.Rd’
‘summary.PosteriorBSVAR.Rd’ ‘summary.PosteriorBSVARMIX.Rd’
‘summary.PosteriorBSVARMSH.Rd’ ‘summary.PosteriorBSVARSV.Rd’
‘summary.PosteriorBSVART.Rd’ ‘summary.PosteriorFEVD.Rd’
‘summary.PosteriorFitted.Rd’ ‘summary.PosteriorHD.Rd’
‘summary.PosteriorIR.Rd’ ‘summary.PosteriorRegimePr.Rd’
‘summary.PosteriorShocks.Rd’ ‘summary.PosteriorSigma.Rd’
‘summary.SDDRautoregression.Rd’ ‘summary.SDDRidMIX.Rd’
‘summary.SDDRidMSH.Rd’ ‘summary.SDDRidSV.Rd’ ‘summary.SDDRidT.Rd’
‘summary.SDDRvolatility.Rd’ ‘verify_autoregression.PosteriorBSVAR.Rd’
‘verify_autoregression.PosteriorBSVARMIX.Rd’
‘verify_autoregression.PosteriorBSVARMSH.Rd’
‘verify_autoregression.PosteriorBSVARSV.Rd’
‘verify_autoregression.PosteriorBSVART.Rd’ ‘verify_autoregression.Rd’
‘verify_identification.PosteriorBSVAR.Rd’
‘verify_identification.PosteriorBSVARMIX.Rd’
‘verify_identification.PosteriorBSVARMSH.Rd’
‘verify_identification.PosteriorBSVARSV.Rd’
‘verify_identification.PosteriorBSVART.Rd’ ‘verify_identification.Rd’
‘verify_volatility.PosteriorBSVAR.Rd’
‘verify_volatility.PosteriorBSVARMIX.Rd’
‘verify_volatility.PosteriorBSVARMSH.Rd’
‘verify_volatility.PosteriorBSVARSV.Rd’ ‘verify_volatility.Rd’
Flavors: r-devel-linux-x86_64-debian-clang, r-devel-linux-x86_64-debian-gcc, r-devel-linux-x86_64-fedora-clang, r-devel-linux-x86_64-fedora-gcc, r-devel-windows-x86_64, r-patched-linux-x86_64, r-release-linux-x86_64, r-release-macos-arm64, r-release-macos-x86_64, r-release-windows-x86_64
Version: 3.2
Check: examples
Result: NOTE
Examples with CPU (user + system) or elapsed time > 5s
user system elapsed
bsvars-package 5.158 0.022 6.141
summary.PosteriorBSVARSV 4.966 0.000 6.412
compute_fitted_values.PosteriorBSVARSV 4.891 0.003 5.824
estimate.PosteriorBSVARSV 4.879 0.003 6.282
compute_conditional_sd.PosteriorBSVARSV 4.868 0.012 6.518
estimate.BSVARSV 4.870 0.009 5.486
compute_structural_shocks.PosteriorBSVARSV 4.860 0.003 5.897
compute_impulse_responses.PosteriorBSVARSV 4.859 0.000 5.667
compute_variance_decompositions.PosteriorBSVARSV 4.842 0.000 5.338
forecast.PosteriorBSVARSV 4.098 0.008 5.792
Flavor: r-devel-linux-x86_64-debian-clang
Version: 3.2
Check: examples
Result: NOTE
Examples with CPU (user + system) or elapsed time > 5s
user system elapsed
bsvars-package 5.006 0.018 5.894
summary.PosteriorBSVARSV 4.806 0.004 6.169
estimate.BSVARSV 4.794 0.008 6.528
compute_variance_decompositions.PosteriorBSVARSV 4.787 0.003 6.744
compute_conditional_sd.PosteriorBSVARSV 4.781 0.008 6.056
estimate.PosteriorBSVARSV 4.788 0.000 6.198
compute_fitted_values.PosteriorBSVARSV 4.776 0.012 6.093
compute_structural_shocks.PosteriorBSVARSV 4.784 0.004 6.652
compute_impulse_responses.PosteriorBSVARSV 4.784 0.000 5.672
Flavor: r-devel-linux-x86_64-debian-gcc
Version: 3.2
Check: installed package size
Result: NOTE
installed size is 15.6Mb
sub-directories of 1Mb or more:
libs 13.3Mb
Flavors: r-oldrel-macos-arm64, r-oldrel-macos-x86_64