Last updated on 2025-05-06 05:50:36 CEST.
Flavor | Version | Tinstall | Tcheck | Ttotal | Status | Flags |
---|---|---|---|---|---|---|
r-devel-linux-x86_64-debian-clang | 0.1-0 | 8.73 | 61.21 | 69.94 | NOTE | |
r-devel-linux-x86_64-debian-gcc | 0.1-0 | 5.50 | 43.81 | 49.31 | NOTE | |
r-devel-linux-x86_64-fedora-clang | 0.1-0 | 103.41 | NOTE | |||
r-devel-linux-x86_64-fedora-gcc | 0.1-0 | 120.49 | NOTE | |||
r-devel-windows-x86_64 | 0.1-0 | 10.00 | 84.00 | 94.00 | NOTE | |
r-patched-linux-x86_64 | 0.1-0 | 9.17 | 58.10 | 67.27 | NOTE | |
r-release-linux-x86_64 | 0.1-0 | 7.22 | 56.79 | 64.01 | NOTE | |
r-release-macos-arm64 | 0.1-0 | 48.00 | NOTE | |||
r-release-macos-x86_64 | 0.1-0 | 69.00 | NOTE | |||
r-release-windows-x86_64 | 0.1-0 | 11.00 | 86.00 | 97.00 | NOTE | |
r-oldrel-macos-arm64 | 0.1-0 | 39.00 | NOTE | |||
r-oldrel-macos-x86_64 | 0.1-0 | 57.00 | NOTE | |||
r-oldrel-windows-x86_64 | 0.1-0 | 13.00 | 99.00 | 112.00 | NOTE |
Version: 0.1-0
Check: Rd files
Result: NOTE
checkRd: (-1) depreciation-class.Rd:43: Lost braces in \itemize; meant \describe ?
checkRd: (-1) depreciation-class.Rd:44: Lost braces in \itemize; meant \describe ?
checkRd: (-1) depreciation-class.Rd:45: Lost braces in \itemize; meant \describe ?
checkRd: (-1) depreciation-class.Rd:46-47: Lost braces in \itemize; meant \describe ?
checkRd: (-1) loan-class.Rd:46-48: Lost braces in \itemize; meant \describe ?
checkRd: (-1) loan-class.Rd:49: Lost braces in \itemize; meant \describe ?
checkRd: (-1) loan-class.Rd:50-51: Lost braces in \itemize; meant \describe ?
checkRd: (-1) model2df-methods.Rd:32-33: Lost braces in \itemize; meant \describe ?
checkRd: (-1) model2df-methods.Rd:34-35: Lost braces in \itemize; meant \describe ?
checkRd: (-1) model2df-methods.Rd:36-37: Lost braces in \itemize; meant \describe ?
checkRd: (-1) model2df-methods.Rd:38-39: Lost braces in \itemize; meant \describe ?
Flavors: r-devel-linux-x86_64-debian-clang, r-devel-linux-x86_64-debian-gcc, r-devel-linux-x86_64-fedora-clang, r-devel-linux-x86_64-fedora-gcc, r-devel-windows-x86_64, r-patched-linux-x86_64, r-release-linux-x86_64, r-release-macos-arm64, r-release-macos-x86_64, r-release-windows-x86_64, r-oldrel-macos-arm64, r-oldrel-macos-x86_64, r-oldrel-windows-x86_64