Last updated on 2025-11-24 04:49:51 CET.
| Flavor | Version | Tinstall | Tcheck | Ttotal | Status | Flags |
|---|---|---|---|---|---|---|
| r-devel-linux-x86_64-debian-clang | 0.2.1 | 21.50 | 66.49 | 87.99 | NOTE | |
| r-devel-linux-x86_64-debian-gcc | 0.2.1 | 14.42 | 50.58 | 65.00 | NOTE | |
| r-devel-linux-x86_64-fedora-clang | 0.2.1 | 58.00 | 94.35 | 152.35 | NOTE | |
| r-devel-windows-x86_64 | 0.2.1 | 35.00 | 94.00 | 129.00 | NOTE | |
| r-patched-linux-x86_64 | 0.2.1 | 20.73 | 62.16 | 82.89 | NOTE | |
| r-release-linux-x86_64 | 0.2.1 | 18.41 | 61.80 | 80.21 | NOTE | |
| r-release-macos-arm64 | 0.2.1 | NOTE | ||||
| r-release-macos-x86_64 | 0.2.1 | 27.00 | 106.00 | 133.00 | NOTE | |
| r-release-windows-x86_64 | 0.2.1 | 27.00 | 91.00 | 118.00 | NOTE | |
| r-oldrel-macos-arm64 | 0.2.1 | NOTE | ||||
| r-oldrel-macos-x86_64 | 0.2.1 | 11.00 | 38.00 | 49.00 | NOTE | |
| r-oldrel-windows-x86_64 | 0.2.1 | 33.00 | 113.00 | 146.00 | NOTE |
Version: 0.2.1
Check: CRAN incoming feasibility
Result: NOTE
Maintainer: ‘Marius Puke <marius.puke@uni-hohenheim.de>’
Package CITATION file contains call(s) to old-style citEntry(). Please
use bibentry() instead.
The Description field contains
<arXiv:2203.04065>.
Please refer to arXiv e-prints via their arXiv DOI <doi:10.48550/arXiv.YYMM.NNNNN>.
Flavors: r-devel-linux-x86_64-debian-clang, r-devel-linux-x86_64-debian-gcc
Version: 0.2.1
Check: Rd files
Result: NOTE
checkRd: (-1) calibration_bands.Rd:19: Lost braces; missing escapes or markup?
19 | \item{y}{response variable (in {0,1}).}
| ^
Flavors: r-devel-linux-x86_64-debian-clang, r-devel-linux-x86_64-debian-gcc, r-devel-linux-x86_64-fedora-clang, r-devel-windows-x86_64, r-patched-linux-x86_64, r-release-linux-x86_64, r-release-macos-arm64, r-release-macos-x86_64, r-release-windows-x86_64, r-oldrel-macos-arm64, r-oldrel-macos-x86_64, r-oldrel-windows-x86_64