CRAN Package Check Results for Package carData

Last updated on 2025-10-06 05:49:32 CEST.

Flavor Version Tinstall Tcheck Ttotal Status Flags
r-devel-linux-x86_64-debian-clang 3.0-5 2.77 24.92 27.69 NOTE
r-devel-linux-x86_64-debian-gcc 3.0-5 2.12 19.08 21.20 NOTE
r-devel-linux-x86_64-fedora-clang 3.0-5 38.42 NOTE
r-devel-linux-x86_64-fedora-gcc 3.0-5 39.71 NOTE
r-devel-windows-x86_64 3.0-5 8.00 55.00 63.00 NOTE
r-patched-linux-x86_64 3.0-5 3.51 22.79 26.30 NOTE
r-release-linux-x86_64 3.0-5 2.41 23.48 25.89 NOTE
r-release-macos-arm64 3.0-5 18.00 NOTE
r-release-macos-x86_64 3.0-5 25.00 NOTE
r-release-windows-x86_64 3.0-5 7.00 55.00 62.00 NOTE
r-oldrel-macos-arm64 3.0-5 21.00 NOTE
r-oldrel-macos-x86_64 3.0-5 27.00 NOTE
r-oldrel-windows-x86_64 3.0-5 8.00 59.00 67.00 NOTE

Check Details

Version: 3.0-5
Check: Rd files
Result: NOTE checkRd: (-1) States.Rd:48: Escaped LaTeX specials: \$ Flavors: r-devel-linux-x86_64-debian-clang, r-devel-linux-x86_64-debian-gcc, r-devel-linux-x86_64-fedora-clang, r-devel-linux-x86_64-fedora-gcc, r-devel-windows-x86_64, r-patched-linux-x86_64, r-release-linux-x86_64, r-release-macos-arm64, r-release-macos-x86_64, r-release-windows-x86_64, r-oldrel-macos-arm64, r-oldrel-macos-x86_64, r-oldrel-windows-x86_64