Last updated on 2025-04-30 05:49:35 CEST.
Flavor | Version | Tinstall | Tcheck | Ttotal | Status | Flags |
---|---|---|---|---|---|---|
r-devel-linux-x86_64-debian-clang | 1.2.4 | 1.99 | 143.67 | 145.66 | NOTE | |
r-devel-linux-x86_64-debian-gcc | 1.2.4 | 1.59 | 121.57 | 123.16 | NOTE | |
r-devel-linux-x86_64-fedora-clang | 1.2.4 | 251.40 | OK | |||
r-devel-linux-x86_64-fedora-gcc | 1.2.4 | 259.34 | OK | |||
r-devel-windows-x86_64 | 1.2.4 | 3.00 | 457.00 | 460.00 | OK | |
r-patched-linux-x86_64 | 1.2.4 | 2.28 | 140.04 | 142.32 | OK | |
r-release-linux-x86_64 | 1.2.4 | 1.78 | 140.87 | 142.65 | OK | |
r-release-macos-arm64 | 1.2.4 | 150.00 | OK | |||
r-release-macos-x86_64 | 1.2.4 | 249.00 | OK | |||
r-release-windows-x86_64 | 1.2.4 | 4.00 | 457.00 | 461.00 | OK | |
r-oldrel-macos-arm64 | 1.2.4 | 135.00 | OK | |||
r-oldrel-macos-x86_64 | 1.2.4 | 364.00 | OK | |||
r-oldrel-windows-x86_64 | 1.2.4 | 4.00 | 387.00 | 391.00 | OK |
Version: 1.2.4
Check: CRAN incoming feasibility
Result: NOTE
Maintainer: ‘Gunther Schauberger <gunther.schauberger@tum.de>’
No Authors@R field in DESCRIPTION.
Please add one, modifying
Authors@R: c(person(given = "Gunther",
family = "Schauberger",
role = c("aut", "cre"),
email = "gunther.schauberger@tum.de"),
person(given = "Gerhard",
family = "Tutz",
role = "aut"))
as necessary.
Flavors: r-devel-linux-x86_64-debian-clang, r-devel-linux-x86_64-debian-gcc