Last updated on 2025-11-01 04:50:22 CET.
| Flavor | Version | Tinstall | Tcheck | Ttotal | Status | Flags |
|---|---|---|---|---|---|---|
| r-devel-linux-x86_64-debian-clang | 0.1.0 | 7.05 | 49.61 | 56.66 | NOTE | |
| r-devel-linux-x86_64-debian-gcc | 0.1.0 | 5.22 | 36.59 | 41.81 | NOTE | |
| r-devel-linux-x86_64-fedora-clang | 0.1.0 | 33.00 | 58.62 | 91.62 | NOTE | |
| r-devel-linux-x86_64-fedora-gcc | 0.1.0 | 57.00 | 35.13 | 92.13 | NOTE | |
| r-devel-windows-x86_64 | 0.1.0 | 9.00 | 69.00 | 78.00 | OK | |
| r-patched-linux-x86_64 | 0.1.0 | 7.88 | 47.40 | 55.28 | NOTE | |
| r-release-linux-x86_64 | 0.1.0 | 6.97 | 46.98 | 53.95 | NOTE | |
| r-release-macos-arm64 | 0.1.0 | 3.00 | 27.00 | 30.00 | OK | |
| r-release-macos-x86_64 | 0.1.0 | 6.00 | 50.00 | 56.00 | OK | |
| r-release-windows-x86_64 | 0.1.0 | 9.00 | 71.00 | 80.00 | OK | |
| r-oldrel-macos-arm64 | 0.1.0 | 3.00 | 29.00 | 32.00 | OK | |
| r-oldrel-macos-x86_64 | 0.1.0 | 8.00 | 39.00 | 47.00 | OK | |
| r-oldrel-windows-x86_64 | 0.1.0 | 8.00 | 83.00 | 91.00 | OK |
Version: 0.1.0
Check: for non-standard things in the check directory
Result: NOTE
Found the following files/directories:
‘figure01ceg.pdf’ ‘figure02ceg.pdf’ ‘staged.tree.graph.pdf’
‘stratified-event-tree-plot.pdf’
Flavors: r-devel-linux-x86_64-debian-clang, r-devel-linux-x86_64-debian-gcc, r-devel-linux-x86_64-fedora-clang, r-devel-linux-x86_64-fedora-gcc, r-patched-linux-x86_64, r-release-linux-x86_64