Last updated on 2024-06-16 05:52:50 CEST.
Flavor | Version | Tinstall | Tcheck | Ttotal | Status | Flags |
---|---|---|---|---|---|---|
r-devel-linux-x86_64-debian-clang | 0.5.1 | 221.43 | 32.63 | 254.06 | NOTE | |
r-devel-linux-x86_64-debian-gcc | 0.5.1 | 155.12 | 25.70 | 180.82 | NOTE | |
r-devel-linux-x86_64-fedora-clang | 0.5.1 | 346.40 | NOTE | |||
r-devel-linux-x86_64-fedora-gcc | 0.5.1 | 360.64 | NOTE | |||
r-devel-windows-x86_64 | 0.5.1 | 154.00 | 73.00 | 227.00 | NOTE | |
r-patched-linux-x86_64 | 0.5.1 | 219.63 | 33.01 | 252.64 | OK | |
r-release-linux-x86_64 | 0.5.1 | 230.80 | 32.33 | 263.13 | OK | |
r-release-macos-arm64 | 0.5.1 | 53.00 | NOTE | |||
r-release-macos-x86_64 | 0.5.1 | 91.00 | NOTE | |||
r-release-windows-x86_64 | 0.5.1 | 135.00 | 77.00 | 212.00 | OK | |
r-oldrel-macos-arm64 | 0.5.1 | 73.00 | NOTE | |||
r-oldrel-macos-x86_64 | 0.5.1 | 124.00 | NOTE | |||
r-oldrel-windows-x86_64 | 0.5.1 | 159.00 | 86.00 | 245.00 | OK |
Version: 0.5.1
Check: compiled code
Result: NOTE
File ‘clarabel/libs/clarabel.so’:
Found non-API calls to R: ‘SET_ENCLOS’, ‘SET_ENVFLAGS’, ‘SET_PRCODE’,
‘SET_PRENV’, ‘SET_PRVALUE’
Compiled code should not call non-API entry points in R.
See ‘Writing portable packages’ in the ‘Writing R Extensions’ manual.
Flavor: r-devel-linux-x86_64-debian-clang
Version: 0.5.1
Check: compiled code
Result: NOTE
File ‘clarabel/libs/clarabel.so’:
Found non-API calls to R: ‘FRAME’, ‘HASHTAB’, ‘SET_ENCLOS’,
‘SET_ENVFLAGS’, ‘SET_PRCODE’, ‘SET_PRENV’, ‘SET_PRVALUE’,
‘SYMVALUE’
Compiled code should not call non-API entry points in R.
See ‘Writing portable packages’ in the ‘Writing R Extensions’ manual.
Flavor: r-devel-linux-x86_64-debian-gcc
Version: 0.5.1
Check: installed package size
Result: NOTE
installed size is 6.1Mb
sub-directories of 1Mb or more:
libs 5.8Mb
Flavors: r-devel-linux-x86_64-fedora-clang, r-release-macos-arm64, r-release-macos-x86_64, r-oldrel-macos-arm64, r-oldrel-macos-x86_64
Version: 0.5.1
Check: for GNU extensions in Makefiles
Result: NOTE
GNU make is a SystemRequirements.
Flavors: r-devel-linux-x86_64-fedora-clang, r-devel-linux-x86_64-fedora-gcc, r-release-macos-arm64, r-release-macos-x86_64, r-oldrel-macos-arm64, r-oldrel-macos-x86_64
Version: 0.5.1
Check: compiled code
Result: NOTE
File ‘clarabel/libs/clarabel.so’:
Found non-API calls to R: ‘ENVFLAGS’, ‘FRAME’, ‘HASHTAB’, ‘PRSEEN’,
‘SET_ENCLOS’, ‘SET_ENVFLAGS’, ‘SET_PRCODE’, ‘SET_PRENV’,
‘SET_PRVALUE’, ‘SYMVALUE’
Compiled code should not call non-API entry points in R.
See ‘Writing portable packages’ in the ‘Writing R Extensions’ manual.
Flavors: r-devel-linux-x86_64-fedora-clang, r-devel-linux-x86_64-fedora-gcc
Version: 0.5.1
Check: compiled code
Result: NOTE
File 'clarabel/libs/x64/clarabel.dll':
Found non-API calls to R: 'SET_ENCLOS', 'SET_ENVFLAGS', 'SET_PRCODE',
'SET_PRENV', 'SET_PRVALUE'
Compiled code should not call non-API entry points in R.
See 'Writing portable packages' in the 'Writing R Extensions' manual.
Flavor: r-devel-windows-x86_64