Last updated on 2025-07-02 05:50:12 CEST.
Flavor | Version | Tinstall | Tcheck | Ttotal | Status | Flags |
---|---|---|---|---|---|---|
r-devel-linux-x86_64-debian-clang | 3.6.5 | 20.29 | 149.11 | 169.40 | OK | |
r-devel-linux-x86_64-debian-gcc | 3.6.5 | 14.47 | 99.18 | 113.65 | OK | |
r-devel-linux-x86_64-fedora-clang | 3.6.5 | 255.74 | OK | |||
r-devel-linux-x86_64-fedora-gcc | 3.6.5 | 245.79 | OK | |||
r-devel-windows-x86_64 | 3.6.5 | 61.00 | 176.00 | 237.00 | OK | |
r-patched-linux-x86_64 | OK | |||||
r-release-linux-x86_64 | 3.6.5 | 17.69 | 137.95 | 155.64 | OK | |
r-release-macos-arm64 | 3.6.5 | 91.00 | OK | |||
r-release-macos-x86_64 | 3.6.5 | 174.00 | OK | |||
r-release-windows-x86_64 | 3.6.5 | 55.00 | 170.00 | 225.00 | OK | |
r-oldrel-macos-arm64 | 3.6.5 | 89.00 | OK | |||
r-oldrel-macos-x86_64 | 3.6.5 | 164.00 | OK | |||
r-oldrel-windows-x86_64 | 3.6.5 | 1.00 | 9.00 | 10.00 | ERROR |
Version: 3.6.5
Check: whether package can be installed
Result: ERROR
Installation failed.
Flavor: r-oldrel-windows-x86_64