Last updated on 2025-05-19 05:49:54 CEST.
Flavor | Version | Tinstall | Tcheck | Ttotal | Status | Flags |
---|---|---|---|---|---|---|
r-devel-linux-x86_64-debian-clang | 0.5.5 | 46.83 | 77.60 | 124.43 | NOTE | |
r-devel-linux-x86_64-debian-gcc | 0.5.5 | 35.36 | 57.27 | 92.63 | NOTE | |
r-devel-linux-x86_64-fedora-clang | 0.5.5 | 225.78 | OK | |||
r-devel-linux-x86_64-fedora-gcc | 0.5.5 | 241.28 | OK | |||
r-devel-windows-x86_64 | 0.5.5 | 63.00 | 134.00 | 197.00 | OK | |
r-patched-linux-x86_64 | 0.5.5 | 49.21 | 72.54 | 121.75 | OK | |
r-release-linux-x86_64 | 0.5.5 | 48.66 | 73.80 | 122.46 | OK | |
r-release-macos-arm64 | 0.5.5 | 84.00 | OK | |||
r-release-macos-x86_64 | 0.5.5 | 100.00 | OK | |||
r-release-windows-x86_64 | 0.5.5 | 60.00 | 124.00 | 184.00 | OK | |
r-oldrel-macos-arm64 | 0.5.5 | 71.00 | OK | |||
r-oldrel-macos-x86_64 | 0.5.5 | 87.00 | OK | |||
r-oldrel-windows-x86_64 | 0.5.5 | 71.00 | 141.00 | 212.00 | OK |
Version: 0.5.5
Check: CRAN incoming feasibility
Result: NOTE
Maintainer: ‘Martí Renedo Mirambell <marti.renedo@gmail.com>’
No Authors@R field in DESCRIPTION.
Please add one, modifying
Authors@R: person(given = c("Martí", "Renedo"),
family = "Mirambell",
role = c("aut", "cre"),
email = "marti.renedo@gmail.com")
as necessary.
Flavors: r-devel-linux-x86_64-debian-clang, r-devel-linux-x86_64-debian-gcc