Last updated on 2025-11-23 04:50:12 CET.
| Flavor | Version | Tinstall | Tcheck | Ttotal | Status | Flags |
|---|---|---|---|---|---|---|
| r-devel-linux-x86_64-debian-clang | 0.4.0 | 6.60 | 75.75 | 82.35 | NOTE | |
| r-devel-linux-x86_64-debian-gcc | 0.4.0 | 5.10 | 57.57 | 62.67 | NOTE | |
| r-devel-linux-x86_64-fedora-clang | 0.4.0 | 12.00 | 109.20 | 121.20 | OK | |
| r-devel-windows-x86_64 | 0.4.0 | 8.00 | 107.00 | 115.00 | OK | |
| r-patched-linux-x86_64 | 0.4.0 | 7.01 | 73.20 | 80.21 | OK | |
| r-release-linux-x86_64 | 0.4.0 | 6.85 | 72.03 | 78.88 | OK | |
| r-release-macos-arm64 | 0.4.0 | OK | ||||
| r-release-macos-x86_64 | 0.4.0 | 9.00 | 99.00 | 108.00 | OK | |
| r-release-windows-x86_64 | 0.4.0 | 8.00 | 102.00 | 110.00 | OK | |
| r-oldrel-macos-arm64 | 0.4.0 | OK | ||||
| r-oldrel-macos-x86_64 | 0.4.0 | 12.00 | 146.00 | 158.00 | OK | |
| r-oldrel-windows-x86_64 | 0.4.0 | 9.00 | 119.00 | 128.00 | OK |
Version: 0.4.0
Check: CRAN incoming feasibility
Result: NOTE
Maintainer: ‘Bill Venables <Bill.Venables@gmail.com>’
No Authors@R field in DESCRIPTION.
Please add one, modifying
Authors@R: person(given = "Bill",
family = "Venables",
role = c("aut", "cre"),
email = "bill.venables@gmail.com")
as necessary.
Flavors: r-devel-linux-x86_64-debian-clang, r-devel-linux-x86_64-debian-gcc