Last updated on 2025-05-17 05:49:09 CEST.
Flavor | Version | Tinstall | Tcheck | Ttotal | Status | Flags |
---|---|---|---|---|---|---|
r-devel-linux-x86_64-debian-clang | 0.4.0 | 6.93 | 69.35 | 76.28 | NOTE | |
r-devel-linux-x86_64-debian-gcc | 0.4.0 | 4.72 | 53.09 | 57.81 | NOTE | |
r-devel-linux-x86_64-fedora-clang | 0.4.0 | 120.78 | OK | |||
r-devel-linux-x86_64-fedora-gcc | 0.4.0 | 129.11 | OK | |||
r-devel-windows-x86_64 | 0.4.0 | 8.00 | 107.00 | 115.00 | OK | |
r-patched-linux-x86_64 | 0.4.0 | 6.37 | 68.24 | 74.61 | OK | |
r-release-linux-x86_64 | 0.4.0 | 6.88 | 66.87 | 73.75 | OK | |
r-release-macos-arm64 | 0.4.0 | 59.00 | OK | |||
r-release-macos-x86_64 | 0.4.0 | 108.00 | OK | |||
r-release-windows-x86_64 | 0.4.0 | 7.00 | 114.00 | 121.00 | OK | |
r-oldrel-macos-arm64 | 0.4.0 | 45.00 | OK | |||
r-oldrel-macos-x86_64 | 0.4.0 | 158.00 | OK | |||
r-oldrel-windows-x86_64 | 0.4.0 | 9.00 | 118.00 | 127.00 | OK |
Version: 0.4.0
Check: CRAN incoming feasibility
Result: NOTE
Maintainer: ‘Bill Venables <Bill.Venables@gmail.com>’
No Authors@R field in DESCRIPTION.
Please add one, modifying
Authors@R: person(given = "Bill",
family = "Venables",
role = c("aut", "cre"),
email = "bill.venables@gmail.com")
as necessary.
Flavors: r-devel-linux-x86_64-debian-clang, r-devel-linux-x86_64-debian-gcc