CRAN Package Check Results for Package controlTest

Last updated on 2025-05-06 05:50:37 CEST.

Flavor Version Tinstall Tcheck Ttotal Status Flags
r-devel-linux-x86_64-debian-clang 1.1.0 5.65 52.95 58.60 NOTE
r-devel-linux-x86_64-debian-gcc 1.1.0 4.82 39.09 43.91 NOTE
r-devel-linux-x86_64-fedora-clang 1.1.0 91.61 OK
r-devel-linux-x86_64-fedora-gcc 1.1.0 88.04 OK
r-devel-windows-x86_64 1.1.0 7.00 65.00 72.00 OK
r-patched-linux-x86_64 1.1.0 6.19 51.63 57.82 OK
r-release-linux-x86_64 1.1.0 5.53 51.04 56.57 OK
r-release-macos-arm64 1.1.0 31.00 OK
r-release-macos-x86_64 1.1.0 50.00 OK
r-release-windows-x86_64 1.1.0 7.00 65.00 72.00 OK
r-oldrel-macos-arm64 1.1.0 28.00 NOTE
r-oldrel-macos-x86_64 1.1.0 41.00 NOTE
r-oldrel-windows-x86_64 1.1.0 9.00 77.00 86.00 NOTE

Check Details

Version: 1.1.0
Check: CRAN incoming feasibility
Result: NOTE Maintainer: ‘Eric S. Kawaguchi <erickawaguchi@ucla.edu>’ No Authors@R field in DESCRIPTION. Please add one, modifying Authors@R: person(given = c("Eric", "S."), family = "Kawaguchi", role = c("aut", "cre"), email = "erickawaguchi@ucla.edu") as necessary. Flavors: r-devel-linux-x86_64-debian-clang, r-devel-linux-x86_64-debian-gcc

Version: 1.1.0
Check: LazyData
Result: NOTE 'LazyData' is specified without a 'data' directory Flavors: r-oldrel-macos-arm64, r-oldrel-macos-x86_64, r-oldrel-windows-x86_64