Last updated on 2025-05-06 05:50:38 CEST.
Flavor | Version | Tinstall | Tcheck | Ttotal | Status | Flags |
---|---|---|---|---|---|---|
r-devel-linux-x86_64-debian-clang | 0.3.6 | 13.82 | 113.78 | 127.60 | NOTE | |
r-devel-linux-x86_64-debian-gcc | 0.3.6 | 9.60 | 79.06 | 88.66 | NOTE | |
r-devel-linux-x86_64-fedora-clang | 0.3.6 | 213.80 | OK | |||
r-devel-linux-x86_64-fedora-gcc | 0.3.6 | 188.25 | OK | |||
r-devel-windows-x86_64 | 0.3.6 | 15.00 | 117.00 | 132.00 | OK | |
r-patched-linux-x86_64 | 0.3.6 | 13.40 | 106.10 | 119.50 | OK | |
r-release-linux-x86_64 | 0.3.6 | 14.17 | 106.24 | 120.41 | OK | |
r-release-macos-arm64 | 0.3.6 | 55.00 | OK | |||
r-release-macos-x86_64 | 0.3.6 | 111.00 | OK | |||
r-release-windows-x86_64 | 0.3.6 | 14.00 | 117.00 | 131.00 | OK | |
r-oldrel-macos-arm64 | 0.3.6 | 52.00 | OK | |||
r-oldrel-macos-x86_64 | 0.3.6 | 76.00 | OK | |||
r-oldrel-windows-x86_64 | 0.3.6 | 19.00 | 143.00 | 162.00 | OK |
Version: 0.3.6
Check: CRAN incoming feasibility
Result: NOTE
Maintainer: ‘Quentin Giai Gianetto <quentin2g@yahoo.fr>’
No Authors@R field in DESCRIPTION.
Please add one, modifying
Authors@R: c(person(given = c("Quentin", "Giai"),
family = "Gianetto",
role = c("aut", "cre"),
email = "quentin2g@yahoo.fr"),
person(given = "Florence",
family = "Combes",
role = "aut"),
person(given = "Claire",
family = "Ramus",
role = "aut"),
person(given = "Christophe",
family = "Bruley",
role = "aut"),
person(given = "Yohann",
family = "Couté",
role = "aut"),
person(given = "Thomas",
family = "Burger",
role = "aut"))
as necessary.
Flavors: r-devel-linux-x86_64-debian-clang, r-devel-linux-x86_64-debian-gcc