Last updated on 2025-04-17 05:49:40 CEST.
Flavor | Version | Tinstall | Tcheck | Ttotal | Status | Flags |
---|---|---|---|---|---|---|
r-devel-linux-x86_64-debian-clang | 0.2.0 | 2.68 | 23.07 | 25.75 | OK | |
r-devel-linux-x86_64-debian-gcc | 0.2.0 | 1.94 | 18.98 | 20.92 | OK | |
r-devel-linux-x86_64-fedora-clang | 0.2.0 | 41.14 | OK | |||
r-devel-linux-x86_64-fedora-gcc | 0.2.0 | 53.61 | OK | |||
r-devel-windows-x86_64 | 0.2.0 | 8.00 | 48.00 | 56.00 | OK | |
r-patched-linux-x86_64 | 0.2.0 | 2.55 | 22.62 | 25.17 | OK | |
r-release-linux-x86_64 | 0.2.0 | 2.70 | 22.76 | 25.46 | OK | |
r-release-macos-arm64 | 0.2.0 | 26.00 | OK | |||
r-release-macos-x86_64 | 0.2.0 | 67.00 | OK | |||
r-release-windows-x86_64 | 0.2.0 | 10.00 | 49.00 | 59.00 | OK | |
r-oldrel-macos-arm64 | 0.2.0 | 52.00 | NOTE | |||
r-oldrel-macos-x86_64 | 0.2.0 | 68.00 | NOTE | |||
r-oldrel-windows-x86_64 | 0.2.0 | 5.00 | 53.00 | 58.00 | NOTE |
Version: 0.2.0
Check: installed package size
Result: NOTE
installed size is 8.2Mb
sub-directories of 1Mb or more:
include 7.7Mb
Flavors: r-oldrel-macos-arm64, r-oldrel-macos-x86_64, r-oldrel-windows-x86_64