CRAN Package Check Results for Package cragg

Last updated on 2025-11-26 04:50:11 CET.

Flavor Version Tinstall Tcheck Ttotal Status Flags
r-devel-linux-x86_64-debian-clang 0.0.1 1.42 32.44 33.86 OK
r-devel-linux-x86_64-debian-gcc 0.0.1 1.47 25.76 27.23 OK
r-devel-linux-x86_64-fedora-clang 0.0.1 47.50 OK
r-devel-linux-x86_64-fedora-gcc 0.0.1 58.96 OK
r-devel-windows-x86_64 0.0.1 4.00 48.00 52.00 OK
r-patched-linux-x86_64 0.0.1 1.69 29.58 31.27 OK
r-release-linux-x86_64 0.0.1 1.75 29.24 30.99 OK
r-release-macos-arm64 0.0.1 OK
r-release-macos-x86_64 0.0.1 2.00 44.00 46.00 OK
r-release-windows-x86_64 0.0.1 3.00 49.00 52.00 OK
r-oldrel-macos-arm64 0.0.1 NOTE
r-oldrel-macos-x86_64 0.0.1 2.00 34.00 36.00 NOTE
r-oldrel-windows-x86_64 0.0.1 3.00 57.00 60.00 NOTE

Check Details

Version: 0.0.1
Check: LazyData
Result: NOTE 'LazyData' is specified without a 'data' directory Flavors: r-oldrel-macos-arm64, r-oldrel-macos-x86_64, r-oldrel-windows-x86_64