CRAN Package Check Results for Package cropcircles

Last updated on 2025-07-27 05:48:28 CEST.

Flavor Version Tinstall Tcheck Ttotal Status Flags
r-devel-linux-x86_64-debian-clang 0.2.4 3.03 27.36 30.39 NOTE
r-devel-linux-x86_64-debian-gcc 0.2.4 2.01 21.50 23.51 NOTE
r-devel-linux-x86_64-fedora-clang 0.2.4 41.95 NOTE
r-devel-linux-x86_64-fedora-gcc 0.2.4 39.81 NOTE
r-devel-windows-x86_64 0.2.4 5.00 55.00 60.00 NOTE
r-patched-linux-x86_64 0.2.4 2.66 24.61 27.27 NOTE
r-release-linux-x86_64 0.2.4 2.56 24.31 26.87 NOTE
r-release-macos-arm64 0.2.4 22.00 NOTE
r-release-macos-x86_64 0.2.4 35.00 NOTE
r-release-windows-x86_64 0.2.4 4.00 45.00 49.00 NOTE
r-oldrel-macos-arm64 0.2.4 20.00 OK
r-oldrel-macos-x86_64 0.2.4 25.00 OK
r-oldrel-windows-x86_64 0.2.4 6.00 51.00 57.00 OK

Check Details

Version: 0.2.4
Check: DESCRIPTION meta-information
Result: NOTE Missing dependency on R >= 4.1.0 because package code uses the pipe |> or function shorthand \(...) syntax added in R 4.1.0. File(s) using such syntax: ‘crop.R’ ‘helpers.R’ Flavors: r-devel-linux-x86_64-debian-clang, r-devel-linux-x86_64-debian-gcc, r-devel-linux-x86_64-fedora-clang, r-devel-linux-x86_64-fedora-gcc, r-devel-windows-x86_64, r-patched-linux-x86_64, r-release-linux-x86_64, r-release-macos-arm64, r-release-macos-x86_64, r-release-windows-x86_64