CRAN Package Check Results for Package cryst

Last updated on 2025-11-24 04:49:52 CET.

Flavor Version Tinstall Tcheck Ttotal Status Flags
r-devel-linux-x86_64-debian-clang 0.1.0 2.18 28.47 30.65 NOTE
r-devel-linux-x86_64-debian-gcc 0.1.0 1.60 21.91 23.51 NOTE
r-devel-linux-x86_64-fedora-clang 0.1.0 44.45 OK
r-devel-windows-x86_64 0.1.0 8.00 45.00 53.00 OK
r-patched-linux-x86_64 0.1.0 2.21 27.07 29.28 OK
r-release-linux-x86_64 0.1.0 2.11 27.08 29.19 OK
r-release-macos-arm64 0.1.0 OK
r-release-macos-x86_64 0.1.0 2.00 30.00 32.00 OK
r-release-windows-x86_64 0.1.0 4.00 56.00 60.00 OK
r-oldrel-macos-arm64 0.1.0 OK
r-oldrel-macos-x86_64 0.1.0 2.00 23.00 25.00 OK
r-oldrel-windows-x86_64 0.1.0 3.00 50.00 53.00 OK

Check Details

Version: 0.1.0
Check: CRAN incoming feasibility
Result: NOTE Maintainer: ‘Claudio Pozo Valenzuela <claudiopozova@gmail.com>’ No Authors@R field in DESCRIPTION. Please add one, modifying Authors@R: c(person(given = c("Claudio", "Pozo"), family = "Valenzuela", role = c("aut", "cre"), email = "claudiopozova@gmail.com"), person(given = "Saddys", family = "Rodriguez-Llamazares", role = "aut")) as necessary. Flavors: r-devel-linux-x86_64-debian-clang, r-devel-linux-x86_64-debian-gcc