CRAN Package Check Results for Package cxxfunplus

Last updated on 2025-11-24 04:49:52 CET.

Flavor Version Tinstall Tcheck Ttotal Status Flags
r-devel-linux-x86_64-debian-clang 1.0.2 2.98 24.36 27.34 NOTE
r-devel-linux-x86_64-debian-gcc 1.0.2 2.01 19.71 21.72 NOTE
r-devel-linux-x86_64-fedora-clang 1.0.2 40.34 OK
r-devel-windows-x86_64 1.0.2 5.00 42.00 47.00 OK
r-patched-linux-x86_64 1.0.2 2.87 22.60 25.47 OK
r-release-linux-x86_64 1.0.2 3.03 22.82 25.85 OK
r-release-macos-arm64 1.0.2 OK
r-release-macos-x86_64 1.0.2 2.00 26.00 28.00 OK
r-release-windows-x86_64 1.0.2 5.00 63.00 68.00 OK
r-oldrel-macos-arm64 1.0.2 OK
r-oldrel-macos-x86_64 1.0.2 4.00 26.00 30.00 OK
r-oldrel-windows-x86_64 1.0.2 4.00 46.00 50.00 OK

Check Details

Version: 1.0.2
Check: CRAN incoming feasibility
Result: NOTE Maintainer: ‘Jiqiang Guo <guojq28@gmail.com>’ No Authors@R field in DESCRIPTION. Please add one, modifying Authors@R: person(given = "Jiqiang", family = "Guo", role = c("aut", "cre"), email = "guojq28@gmail.com") as necessary. Flavors: r-devel-linux-x86_64-debian-clang, r-devel-linux-x86_64-debian-gcc