CRAN Package Check Results for Package dartR.spatial

Last updated on 2025-04-17 05:49:40 CEST.

Flavor Version Tinstall Tcheck Ttotal Status Flags
r-devel-linux-x86_64-debian-clang 0.78 45.65 376.87 422.52 NOTE
r-devel-linux-x86_64-debian-gcc 0.78 27.53 247.93 275.46 NOTE
r-devel-linux-x86_64-fedora-clang 0.78 713.24 OK
r-devel-linux-x86_64-fedora-gcc 0.78 678.98 OK
r-devel-windows-x86_64 0.78 41.00 278.00 319.00 NOTE
r-patched-linux-x86_64 0.78 44.08 351.22 395.30 NOTE
r-release-linux-x86_64 0.78 44.91 352.98 397.89 NOTE
r-release-macos-arm64 0.78 145.00 OK
r-release-macos-x86_64 0.78 287.00 OK
r-release-windows-x86_64 0.78 40.00 284.00 324.00 NOTE
r-oldrel-macos-arm64 0.78 134.00 OK
r-oldrel-macos-x86_64 0.78 209.00 OK
r-oldrel-windows-x86_64 0.78 57.00 408.00 465.00 OK

Check Details

Version: 0.78
Check: Rd cross-references
Result: NOTE Found the following Rd file(s) with Rd \link{} targets missing package anchors: gl.spatial.autoCorr.Rd: gl.propShared, gl.dist.ind Please provide package anchors for all Rd \link{} targets not in the package itself and the base packages. Flavors: r-devel-linux-x86_64-debian-clang, r-devel-linux-x86_64-debian-gcc, r-devel-windows-x86_64, r-patched-linux-x86_64, r-release-linux-x86_64, r-release-windows-x86_64