CRAN Package Check Results for Package datadogr

Last updated on 2025-11-24 04:49:52 CET.

Flavor Version Tinstall Tcheck Ttotal Status Flags
r-devel-linux-x86_64-debian-clang 0.1.2 2.28 32.46 34.74 OK
r-devel-linux-x86_64-debian-gcc 0.1.2 2.07 26.01 28.08 OK
r-devel-linux-x86_64-fedora-clang 0.1.2 50.47 OK
r-devel-linux-x86_64-fedora-gcc 0.1.2 48.16 OK
r-devel-windows-x86_64 0.1.2 7.00 53.00 60.00 OK
r-patched-linux-x86_64 0.1.2 2.66 29.75 32.41 OK
r-release-linux-x86_64 0.1.2 2.64 29.78 32.42 OK
r-release-macos-arm64 0.1.2 OK
r-release-macos-x86_64 0.1.2 2.00 34.00 36.00 OK
r-release-windows-x86_64 0.1.2 5.00 51.00 56.00 OK
r-oldrel-macos-arm64 0.1.2 NOTE
r-oldrel-macos-x86_64 0.1.2 2.00 34.00 36.00 NOTE
r-oldrel-windows-x86_64 0.1.2 5.00 58.00 63.00 NOTE

Check Details

Version: 0.1.2
Check: LazyData
Result: NOTE 'LazyData' is specified without a 'data' directory Flavors: r-oldrel-macos-arm64, r-oldrel-macos-x86_64, r-oldrel-windows-x86_64