CRAN Package Check Results for Package datrProfile

Last updated on 2025-04-17 05:49:40 CEST.

Flavor Version Tinstall Tcheck Ttotal Status Flags
r-devel-linux-x86_64-debian-clang 0.1.0 2.01 23.01 25.02 OK
r-devel-linux-x86_64-debian-gcc 0.1.0 1.78 18.46 20.24 OK
r-devel-linux-x86_64-fedora-clang 0.1.0 39.94 OK
r-devel-linux-x86_64-fedora-gcc 0.1.0 39.74 OK
r-devel-windows-x86_64 0.1.0 4.00 44.00 48.00 OK
r-patched-linux-x86_64 0.1.0 2.15 22.63 24.78 OK
r-release-linux-x86_64 0.1.0 2.11 22.53 24.64 OK
r-release-macos-arm64 0.1.0 18.00 OK
r-release-macos-x86_64 0.1.0 28.00 OK
r-release-windows-x86_64 0.1.0 4.00 51.00 55.00 OK
r-oldrel-macos-arm64 0.1.0 19.00 NOTE
r-oldrel-macos-x86_64 0.1.0 24.00 NOTE
r-oldrel-windows-x86_64 0.1.0 4.00 47.00 51.00 NOTE

Check Details

Version: 0.1.0
Check: LazyData
Result: NOTE 'LazyData' is specified without a 'data' directory Flavors: r-oldrel-macos-arm64, r-oldrel-macos-x86_64, r-oldrel-windows-x86_64