Last updated on 2025-04-16 05:48:57 CEST.
Flavor | Version | Tinstall | Tcheck | Ttotal | Status | Flags |
---|---|---|---|---|---|---|
r-devel-linux-x86_64-debian-clang | 0.3.0 | 37.03 | 63.98 | 101.01 | NOTE | |
r-devel-linux-x86_64-debian-gcc | 0.3.0 | 28.39 | 48.17 | 76.56 | NOTE | |
r-devel-linux-x86_64-fedora-clang | 0.3.0 | 171.89 | OK | |||
r-devel-linux-x86_64-fedora-gcc | 0.3.0 | 168.74 | OK | |||
r-devel-windows-x86_64 | 0.3.0 | 43.00 | 109.00 | 152.00 | NOTE | |
r-patched-linux-x86_64 | 0.3.0 | 39.82 | 60.74 | 100.56 | NOTE | |
r-release-linux-x86_64 | 0.3.0 | 36.11 | 61.38 | 97.49 | NOTE | |
r-release-macos-arm64 | 0.3.0 | 48.00 | OK | |||
r-release-macos-x86_64 | 0.3.0 | 78.00 | OK | |||
r-release-windows-x86_64 | 0.3.0 | 43.00 | 102.00 | 145.00 | NOTE | |
r-oldrel-macos-arm64 | 0.3.0 | 43.00 | NOTE | |||
r-oldrel-macos-x86_64 | 0.3.0 | 63.00 | NOTE | |||
r-oldrel-windows-x86_64 | 0.3.0 | 51.00 | 130.00 | 181.00 | NOTE |
Version: 0.3.0
Check: Rd cross-references
Result: NOTE
Found the following Rd file(s) with Rd \link{} targets missing package
anchors:
sim.dpp.modal.fast.Rd: spam
sim.dpp.modal.fast.seq.Rd: spam
Please provide package anchors for all Rd \link{} targets not in the
package itself and the base packages.
Flavors: r-devel-linux-x86_64-debian-clang, r-devel-linux-x86_64-debian-gcc, r-devel-windows-x86_64, r-patched-linux-x86_64, r-release-linux-x86_64, r-release-windows-x86_64
Version: 0.3.0
Check: LazyData
Result: NOTE
'LazyData' is specified without a 'data' directory
Flavors: r-oldrel-macos-arm64, r-oldrel-macos-x86_64, r-oldrel-windows-x86_64