CRAN Package Check Results for Package didrooRFM

Last updated on 2025-05-25 05:48:37 CEST.

Flavor Version Tinstall Tcheck Ttotal Status Flags
r-devel-linux-x86_64-debian-clang 1.0.0 3.19 29.98 33.17 OK
r-devel-linux-x86_64-debian-gcc 1.0.0 2.16 23.15 25.31 OK
r-devel-linux-x86_64-fedora-clang 1.0.0 51.97 OK
r-devel-linux-x86_64-fedora-gcc 1.0.0 49.55 OK
r-devel-windows-x86_64 1.0.0 6.00 94.00 100.00 OK
r-patched-linux-x86_64 1.0.0 3.62 27.98 31.60 OK
r-release-linux-x86_64 1.0.0 3.55 28.21 31.76 OK
r-release-macos-arm64 1.0.0 21.00 OK
r-release-macos-x86_64 1.0.0 33.00 OK
r-release-windows-x86_64 1.0.0 4.00 49.00 53.00 OK
r-oldrel-macos-arm64 1.0.0 19.00 NOTE
r-oldrel-macos-x86_64 1.0.0 34.00 NOTE
r-oldrel-windows-x86_64 1.0.0 6.00 54.00 60.00 NOTE

Check Details

Version: 1.0.0
Check: LazyData
Result: NOTE 'LazyData' is specified without a 'data' directory Flavors: r-oldrel-macos-arm64, r-oldrel-macos-x86_64, r-oldrel-windows-x86_64