Last updated on 2025-05-22 05:50:59 CEST.
Flavor | Version | Tinstall | Tcheck | Ttotal | Status | Flags |
---|---|---|---|---|---|---|
r-devel-linux-x86_64-debian-clang | 2.1.0 | 2.70 | 35.46 | 38.16 | OK | |
r-devel-linux-x86_64-debian-gcc | 2.1.0 | 2.16 | 28.24 | 30.40 | OK | |
r-devel-linux-x86_64-fedora-clang | 2.1.0 | 58.22 | OK | |||
r-devel-linux-x86_64-fedora-gcc | 2.1.0 | 70.32 | OK | |||
r-devel-windows-x86_64 | 2.1.0 | 5.00 | 83.00 | 88.00 | OK | |
r-patched-linux-x86_64 | 2.1.0 | 3.12 | 32.27 | 35.39 | OK | |
r-release-linux-x86_64 | 2.1.0 | 2.38 | 32.25 | 34.63 | OK | |
r-release-macos-arm64 | 2.1.0 | 57.00 | OK | |||
r-release-macos-x86_64 | 2.1.0 | 82.00 | OK | |||
r-release-windows-x86_64 | 2.1.0 | 4.00 | 96.00 | 100.00 | OK | |
r-oldrel-macos-arm64 | 2.1.0 | 38.00 | NOTE | |||
r-oldrel-macos-x86_64 | 2.1.0 | 110.00 | NOTE | |||
r-oldrel-windows-x86_64 | 2.1.0 | 4.00 | 69.00 | 73.00 | NOTE |
Version: 2.1.0
Check: installed package size
Result: NOTE
installed size is 10.9Mb
sub-directories of 1Mb or more:
doc 10.8Mb
Flavors: r-oldrel-macos-arm64, r-oldrel-macos-x86_64, r-oldrel-windows-x86_64